{"id":6467,"date":"2017-05-10T12:55:40","date_gmt":"2017-05-10T11:55:40","guid":{"rendered":"http:\/\/artsetculture.fr\/?page_id=6467"},"modified":"2020-08-25T17:18:05","modified_gmt":"2020-08-25T16:18:05","slug":"patrimoine-local-2016-2017","status":"publish","type":"page","link":"https:\/\/artsetculture.fr\/index.php\/historique\/saison2016-2017\/patrimoine-local-2016-2017\/","title":{"rendered":"Patrimoine local 2016-2017"},"content":{"rendered":"<h2>septembre 2016<\/h2><div class=\"qem \"><div class=\"qem-icon\"><div class=\"qem-calendar-small\" style=\"margin:0 6px 8px 0;\"><span class=\"day\" >23<\/span><span class=\"nonday\" ><span class=\"month\"><b><em>Sep<\/em><\/b><\/span><span class=\"year\">2016<\/span><\/span><\/div><\/div><div class=\"qem-small\"><div class=\"qemright\">\r\n<img decoding=\"async\" class=\"qem-image\" src=\"http:\/\/artsetculture.fr\/wp-content\/uploads\/2016\/07\/Claude-Viseux-texte_hight.jpg\"><br>\r\n<\/div>\r\n<h2 class=\"qem_title\">Claude Viseux<\/h2><p class=\"desc\" style=\"font-weight: bold; font-style: italic; font-size: 100%; \" >La r\u00e9alit\u00e9 transform\u00e9e<\/p><p class=\"organisation\" style=\"font-weight: bold; color: #021ed6; font-size: 100%; \" >Mus\u00e9e Senlecq - L'Isle-Adam<\/p><p style=\"text-align: justify;\"><span style=\"color: #ff0000;\"><em><strong><span style=\"text-decoration: underline;\">2 visites<\/span> ; \u00a0 \u00a0A \u00a0\u00e0 \u00a014 heures \u00a0 \u00a0 \u00a0 \u00a0 \u00a0 \u00a0 \u00a0 \u00a0 \u00a0 \u00a0 \u00a0 \u00a0 \u00a0 \u00a0 \u00a0 \u00a0 \u00a0 \u00a0B \u00a0\u00e0 \u00a015 heures.<\/strong><\/em><\/span><\/p>\r\n<p style=\"text-align: justify;\">\u00a0<\/p>\r\n<p style=\"text-align: justify;\">Peintre, dessinateur et sculpteur, Claude Viseux est un artiste inclassable, il exp\u00e9rimente, d\u00e9tourne, transforme les mat\u00e9riaux et les techniques pour cr\u00e9er des \u0153uvres singuli\u00e8res, inspir\u00e9es tour \u00e0 tour par le monde marin et organique, par l\u2019Inde o\u00f9 il fit de nombreux voyages, mais aussi par les objets du quotidien.<\/p>\r\n<p style=\"text-align: justify;\"><br \/><img loading=\"lazy\" decoding=\"async\" class=\"wp-image-4181 alignleft\" src=\"http:\/\/artsetculture.fr\/wp-content\/uploads\/2016\/07\/Affiche-Viseux-254x300.jpg\" alt=\"_Affiche-Viseux\" width=\"111\" height=\"131\" srcset=\"https:\/\/artsetculture.fr\/wp-content\/uploads\/2016\/07\/Affiche-Viseux-254x300.jpg 254w, https:\/\/artsetculture.fr\/wp-content\/uploads\/2016\/07\/Affiche-Viseux.jpg 500w\" sizes=\"auto, (max-width: 111px) 100vw, 111px\" \/>L\u2019exposition pr\u00e9sent\u00e9e au Mus\u00e9e Senlecq s\u2019efforcera de montrer les nombreux aspects de son travail en exposant une soixantaine de productions tr\u00e8s diverses\u00a0: collages, peintures, assemblages, sculptures, s\u00e9rigraphies\u2026<\/p>\r\n<p style=\"text-align: justify;\">\u00a0<\/p><div style=\"clear:both\"><\/div><\/div><\/div>\r\n\n<p><strong><em>\u00a0 \u00a0 \u00a0 \u00a0 \u00a0 \u00a0 \u00a0 \u00a0 \u00a0 \u00a0 <a href=\"http:\/\/artsetculture.fr\/index.php\/historique\/saison2016-2017\/conferences-2016-2017\/\">Conf\u00e9rences 2016-2017<\/a>\u00a0 \u00a0 \u00a0 \u00a0 \u00a0 \u00a0 \u00a0 \u00a0 \u00a0 <a href=\"http:\/\/artsetculture.fr\/index.php\/historique\/saison2016-2017\/visites-expos-2016-2017\/\">Visites 2016-2017<\/a><br \/>\n<\/em><\/strong><\/p>\n<p><em><strong>\u00a0 \u00a0 \u00a0 \u00a0 \u00a0 \u00a0 \u00a0 \u00a0 \u00a0 \u00a0 \u00a0 \u00a0 \u00a0 \u00a0 \u00a0 \u00a0 \u00a0 \u00a0 \u00a0 \u00a0 \u00a0 \u00a0 \u00a0 \u00a0 \u00a0 \u00a0 \u00a0 \u00a0 \u00a0 \u00a0 \u00a0 \u00a0<a href=\"http:\/\/artsetculture.fr\/index.php\/infos-pratiques-2\/conditions\/\">Infos pratiques<\/a><\/strong><\/em><\/p>\n<h4><strong><span style=\"color: #ffffff;\">______<\/span><a href=\"http:\/\/artsetculture.fr\/index.php\/historique\/saison2016-2017\/patrimoine-local-2016-2017\/\">_______________________________<span style=\"color: #008000;\">_____________<\/span>____\u00a0\u21d1<\/a><\/strong><\/h4>\n","protected":false},"excerpt":{"rendered":"<p>\u00a0 \u00a0 \u00a0 \u00a0 \u00a0 \u00a0 \u00a0 \u00a0 \u00a0 \u00a0 Conf\u00e9rences 2016-2017\u00a0 \u00a0 \u00a0 \u00a0 \u00a0 \u00a0 \u00a0 \u00a0 \u00a0 Visites 2016-2017 \u00a0 \u00a0 \u00a0 \u00a0 \u00a0 \u00a0 \u00a0 \u00a0 \u00a0 \u00a0 \u00a0 \u00a0 \u00a0 \u00a0 \u00a0 \u00a0 \u00a0 \u00a0 \u00a0 \u00a0 \u00a0 \u00a0 \u00a0 \u00a0 \u00a0 \u00a0 \u00a0 \u00a0 \u00a0 \u00a0 \u00a0 \u00a0Infos pratiques &hellip; <a href=\"https:\/\/artsetculture.fr\/index.php\/event\/brancusi-2-3-3-3-2\/\" class=\"more-link\">Continuer la lecture de <span class=\"screen-reader-text\">MATISSE<\/span>  <span class=\"meta-nav\">&rarr;<\/span><\/a><\/p>\n","protected":false},"author":1,"featured_media":0,"parent":6333,"menu_order":3,"comment_status":"closed","ping_status":"closed","template":"","meta":{"footnotes":""},"class_list":["post-6467","page","type-page","status-publish","hentry"],"_links":{"self":[{"href":"https:\/\/artsetculture.fr\/index.php\/wp-json\/wp\/v2\/pages\/6467","targetHints":{"allow":["GET"]}}],"collection":[{"href":"https:\/\/artsetculture.fr\/index.php\/wp-json\/wp\/v2\/pages"}],"about":[{"href":"https:\/\/artsetculture.fr\/index.php\/wp-json\/wp\/v2\/types\/page"}],"author":[{"embeddable":true,"href":"https:\/\/artsetculture.fr\/index.php\/wp-json\/wp\/v2\/users\/1"}],"replies":[{"embeddable":true,"href":"https:\/\/artsetculture.fr\/index.php\/wp-json\/wp\/v2\/comments?post=6467"}],"version-history":[{"count":7,"href":"https:\/\/artsetculture.fr\/index.php\/wp-json\/wp\/v2\/pages\/6467\/revisions"}],"predecessor-version":[{"id":11013,"href":"https:\/\/artsetculture.fr\/index.php\/wp-json\/wp\/v2\/pages\/6467\/revisions\/11013"}],"up":[{"embeddable":true,"href":"https:\/\/artsetculture.fr\/index.php\/wp-json\/wp\/v2\/pages\/6333"}],"wp:attachment":[{"href":"https:\/\/artsetculture.fr\/index.php\/wp-json\/wp\/v2\/media?parent=6467"}],"curies":[{"name":"wp","href":"https:\/\/api.w.org\/{rel}","templated":true}]}}

<h2>septembre 2016</h2><div class="qem "><div class="qem-icon"><div class="qem-calendar-small" style="margin:0 6px 8px 0;"><span class="day" >23</span><span class="nonday" ><span class="month"><b><em>Sep</em></b></span><span class="year">2016</span></span></div></div><div class="qem-small"><div class="qemright">
<img decoding="async" class="qem-image" src="http://artsetculture.fr/wp-content/uploads/2016/07/Claude-Viseux-texte_hight.jpg"><br>
</div>
<h2 class="qem_title">Claude Viseux</h2><p class="desc" style="font-weight: bold; font-style: italic; font-size: 100%; " >La réalité transformée</p><p class="organisation" style="font-weight: bold; color: #021ed6; font-size: 100%; " >Musée Senlecq - L'Isle-Adam</p><p style="text-align: justify;"><span style="color: #ff0000;"><em><strong><span style="text-decoration: underline;">2 visites</span> ;    A  à  14 heures                                    B  à  15 heures.</strong></em></span></p>
<p style="text-align: justify;"> </p>
<p style="text-align: justify;">Peintre, dessinateur et sculpteur, Claude Viseux est un artiste inclassable, il expérimente, détourne, transforme les matériaux et les techniques pour créer des œuvres singulières, inspirées tour à tour par le monde marin et organique, par l’Inde où il fit de nombreux voyages, mais aussi par les objets du quotidien.</p>
<p style="text-align: justify;"><br /><img loading="lazy" decoding="async" class="wp-image-4181 alignleft" src="http://artsetculture.fr/wp-content/uploads/2016/07/Affiche-Viseux-254x300.jpg" alt="_Affiche-Viseux" width="111" height="131" srcset="https://artsetculture.fr/wp-content/uploads/2016/07/Affiche-Viseux-254x300.jpg 254w, https://artsetculture.fr/wp-content/uploads/2016/07/Affiche-Viseux.jpg 500w" sizes="auto, (max-width: 111px) 100vw, 111px" />L’exposition présentée au Musée Senlecq s’efforcera de montrer les nombreux aspects de son travail en exposant une soixantaine de productions très diverses : collages, peintures, assemblages, sculptures, sérigraphies…</p>
<p style="text-align: justify;"> </p><div style="clear:both"></div></div></div>

<p><strong><em>                    <a href="http://artsetculture.fr/index.php/historique/saison2016-2017/conferences-2016-2017/">Conférences 2016-2017</a>                  <a href="http://artsetculture.fr/index.php/historique/saison2016-2017/visites-expos-2016-2017/">Visites 2016-2017</a><br />
</em></strong></p>
<p><em><strong>                                                               <a href="http://artsetculture.fr/index.php/infos-pratiques-2/conditions/">Infos pratiques</a></strong></em></p>
<h4><strong><span style="color: #ffffff;">______</span><a href="http://artsetculture.fr/index.php/historique/saison2016-2017/patrimoine-local-2016-2017/">_______________________________<span style="color: #008000;">_____________</span>____ ⇑</a></strong></h4>

<p>                    Conférences 2016-2017                  Visites 2016-2017                                                                Infos pratiques &hellip; <a href="https://artsetculture.fr/index.php/event/brancusi-2-3-3-3-2/" class="more-link">Continuer la lecture de <span class="screen-reader-text">MATISSE</span>  <span class="meta-nav">&rarr;</span></a></p>
