{"id":8443,"date":"2018-07-31T13:45:35","date_gmt":"2018-07-31T12:45:35","guid":{"rendered":"http:\/\/artsetculture.fr\/?post_type=event&#038;p=8443"},"modified":"2018-08-19T18:52:51","modified_gmt":"2018-08-19T17:52:51","slug":"histoire-du-ballet-4-2-2","status":"publish","type":"event","link":"https:\/\/artsetculture.fr\/index.php\/event\/histoire-du-ballet-4-2-2\/","title":{"rendered":"Histoire du ballet 1"},"content":{"rendered":"<div class=\"\">\u00a0<\/div>\n<div class=\"\" style=\"text-align: justify;\">En cette ann\u00e9e 2018, est c\u00e9l\u00e9br\u00e9 le bicentenaire de la naissance du plus c\u00e9l\u00e8bre des chor\u00e9graphes fran\u00e7ais : Marius Petipa. N\u00e9 \u00e0 Marseille, il a fait l\u2019essentiel de sa carri\u00e8re en Russie avec le Ballet du Mariinsky \u00e0 St Petersbourg pour lequel il a cr\u00e9\u00e9 pr\u00e8s de 50 ballets tels les plus c\u00e9l\u00e8bres issus de sa collaboration avec Tcha\u00efkovsky, Le Lac des Cygnes et Casse-Noisette, ou certains, moins connus comme Paquita ou Le Corsaire. Toutes ses oeuvres restent embl\u00e9matiques du Ballet acad\u00e9mique, jamais \u00e9gal\u00e9es depuis.<\/div>\n","protected":false},"excerpt":{"rendered":"<p>\u00a0 En cette ann\u00e9e 2018, est c\u00e9l\u00e9br\u00e9 le bicentenaire de la naissance du plus c\u00e9l\u00e8bre des chor\u00e9graphes fran\u00e7ais : Marius Petipa. N\u00e9 \u00e0 Marseille, il a fait l\u2019essentiel de sa carri\u00e8re en Russie avec le Ballet du Mariinsky \u00e0 St Petersbourg pour lequel il a cr\u00e9\u00e9 pr\u00e8s de 50 ballets tels les plus c\u00e9l\u00e8bres issus &hellip; <a href=\"https:\/\/artsetculture.fr\/index.php\/event\/histoire-du-ballet-4-2-2\/\" class=\"more-link\">Continuer la lecture de <span class=\"screen-reader-text\">Histoire du ballet 1<\/span>  <span class=\"meta-nav\">&rarr;<\/span><\/a><\/p>\n","protected":false},"author":1,"featured_media":0,"comment_status":"closed","ping_status":"closed","template":"","categories":[10],"tags":[],"class_list":["post-8443","event","type-event","status-publish","hentry","category-conferences"],"_links":{"self":[{"href":"https:\/\/artsetculture.fr\/index.php\/wp-json\/wp\/v2\/event\/8443","targetHints":{"allow":["GET"]}}],"collection":[{"href":"https:\/\/artsetculture.fr\/index.php\/wp-json\/wp\/v2\/event"}],"about":[{"href":"https:\/\/artsetculture.fr\/index.php\/wp-json\/wp\/v2\/types\/event"}],"author":[{"embeddable":true,"href":"https:\/\/artsetculture.fr\/index.php\/wp-json\/wp\/v2\/users\/1"}],"replies":[{"embeddable":true,"href":"https:\/\/artsetculture.fr\/index.php\/wp-json\/wp\/v2\/comments?post=8443"}],"version-history":[{"count":0,"href":"https:\/\/artsetculture.fr\/index.php\/wp-json\/wp\/v2\/event\/8443\/revisions"}],"wp:attachment":[{"href":"https:\/\/artsetculture.fr\/index.php\/wp-json\/wp\/v2\/media?parent=8443"}],"wp:term":[{"taxonomy":"category","embeddable":true,"href":"https:\/\/artsetculture.fr\/index.php\/wp-json\/wp\/v2\/categories?post=8443"},{"taxonomy":"post_tag","embeddable":true,"href":"https:\/\/artsetculture.fr\/index.php\/wp-json\/wp\/v2\/tags?post=8443"}],"curies":[{"name":"wp","href":"https:\/\/api.w.org\/{rel}","templated":true}]}}

<div class=""> </div>
<div class="" style="text-align: justify;">En cette année 2018, est célébré le bicentenaire de la naissance du plus célèbre des chorégraphes français : Marius Petipa. Né à Marseille, il a fait l’essentiel de sa carrière en Russie avec le Ballet du Mariinsky à St Petersbourg pour lequel il a créé près de 50 ballets tels les plus célèbres issus de sa collaboration avec Tchaïkovsky, Le Lac des Cygnes et Casse-Noisette, ou certains, moins connus comme Paquita ou Le Corsaire. Toutes ses oeuvres restent emblématiques du Ballet académique, jamais égalées depuis.</div>

<p>  En cette année 2018, est célébré le bicentenaire de la naissance du plus célèbre des chorégraphes français : Marius Petipa. Né à Marseille, il a fait l’essentiel de sa carrière en Russie avec le Ballet du Mariinsky à St Petersbourg pour lequel il a créé près de 50 ballets tels les plus célèbres issus &hellip; <a href="https://artsetculture.fr/index.php/event/histoire-du-ballet-4-2-2/" class="more-link">Continuer la lecture de <span class="screen-reader-text">Histoire du ballet 1</span>  <span class="meta-nav">&rarr;</span></a></p>
