{"id":6436,"date":"2017-05-01T18:19:40","date_gmt":"2017-05-01T17:19:40","guid":{"rendered":"http:\/\/artsetculture.fr\/?post_type=event&#038;p=6436"},"modified":"2017-08-19T17:07:41","modified_gmt":"2017-08-19T16:07:41","slug":"architectes1","status":"publish","type":"event","link":"https:\/\/artsetculture.fr\/index.php\/event\/architectes1\/","title":{"rendered":"Architectes contemporains 1"},"content":{"rendered":"<div class=\"\">\u00a0\u00a0<\/div>\n<div class=\"\" style=\"text-align: justify;\">\n<p>Le Louvre d\u2019Abu Dabi devrait ouvrir ses portes \u00e0 la fin de l\u2019ann\u00e9e 2017. Ce sera pour nous l\u2019occasion de revenir sur la carri\u00e8re du plus c\u00e9l\u00e8bre architecte fran\u00e7ais. N\u00e9 en 1945, Jean Nouvel obtient le Pritzker Price en 2008.<\/p>\n<p><img loading=\"lazy\" decoding=\"async\" class=\"wp-image-6439 alignleft\" src=\"http:\/\/artsetculture.fr\/wp-content\/uploads\/2017\/05\/IMA-WEB-300x207.jpg\" alt=\"IMA-WEB\" width=\"191\" height=\"132\" srcset=\"https:\/\/artsetculture.fr\/wp-content\/uploads\/2017\/05\/IMA-WEB-300x207.jpg 300w, https:\/\/artsetculture.fr\/wp-content\/uploads\/2017\/05\/IMA-WEB.jpg 448w\" sizes=\"auto, (max-width: 191px) 100vw, 191px\" \/>S\u2019il a construit de nombreux mus\u00e9es, de l\u2019Institut du Monde Arabe (1981-87) qui lance sa carri\u00e8re, au Mus\u00e9e du Quai Branly, en passant par le Mus\u00e9e Reina Sofia \u00e0 Madrid, on ne doit pas oublier la diversit\u00e9 des lieux et des programmes \u2013 des logements sociaux (N\u00e9mausus \u00e0 Nimes) des tours (Agbar \u00e0 Barcelone ou projets \u00e0 la D\u00e9fense), des salles de concert (Op\u00e9ra de Lyon, Philharmonie de Paris en 2015), un palais de Justice\u2026.<\/p>\n<\/div>\n<div class=\"\" style=\"text-align: justify;\"><span style=\"color: #ffffff;\">______________________________________<\/span><\/div>\n","protected":false},"excerpt":{"rendered":"<p>\u00a0\u00a0 Le Louvre d\u2019Abu Dabi devrait ouvrir ses portes \u00e0 la fin de l\u2019ann\u00e9e 2017. Ce sera pour nous l\u2019occasion de revenir sur la carri\u00e8re du plus c\u00e9l\u00e8bre architecte fran\u00e7ais. N\u00e9 en 1945, Jean Nouvel obtient le Pritzker Price en 2008. S\u2019il a construit de nombreux mus\u00e9es, de l\u2019Institut du Monde Arabe (1981-87) qui lance &hellip; <a href=\"https:\/\/artsetculture.fr\/index.php\/event\/architectes1\/\" class=\"more-link\">Continuer la lecture de <span class=\"screen-reader-text\">Architectes contemporains 1<\/span>  <span class=\"meta-nav\">&rarr;<\/span><\/a><\/p>\n","protected":false},"author":8,"featured_media":0,"comment_status":"closed","ping_status":"closed","template":"","categories":[10],"tags":[],"class_list":["post-6436","event","type-event","status-publish","hentry","category-conferences"],"_links":{"self":[{"href":"https:\/\/artsetculture.fr\/index.php\/wp-json\/wp\/v2\/event\/6436","targetHints":{"allow":["GET"]}}],"collection":[{"href":"https:\/\/artsetculture.fr\/index.php\/wp-json\/wp\/v2\/event"}],"about":[{"href":"https:\/\/artsetculture.fr\/index.php\/wp-json\/wp\/v2\/types\/event"}],"author":[{"embeddable":true,"href":"https:\/\/artsetculture.fr\/index.php\/wp-json\/wp\/v2\/users\/8"}],"replies":[{"embeddable":true,"href":"https:\/\/artsetculture.fr\/index.php\/wp-json\/wp\/v2\/comments?post=6436"}],"version-history":[{"count":1,"href":"https:\/\/artsetculture.fr\/index.php\/wp-json\/wp\/v2\/event\/6436\/revisions"}],"predecessor-version":[{"id":6443,"href":"https:\/\/artsetculture.fr\/index.php\/wp-json\/wp\/v2\/event\/6436\/revisions\/6443"}],"wp:attachment":[{"href":"https:\/\/artsetculture.fr\/index.php\/wp-json\/wp\/v2\/media?parent=6436"}],"wp:term":[{"taxonomy":"category","embeddable":true,"href":"https:\/\/artsetculture.fr\/index.php\/wp-json\/wp\/v2\/categories?post=6436"},{"taxonomy":"post_tag","embeddable":true,"href":"https:\/\/artsetculture.fr\/index.php\/wp-json\/wp\/v2\/tags?post=6436"}],"curies":[{"name":"wp","href":"https:\/\/api.w.org\/{rel}","templated":true}]}}

<div class="">  </div>
<div class="" style="text-align: justify;">
<p>Le Louvre d’Abu Dabi devrait ouvrir ses portes à la fin de l’année 2017. Ce sera pour nous l’occasion de revenir sur la carrière du plus célèbre architecte français. Né en 1945, Jean Nouvel obtient le Pritzker Price en 2008.</p>
<p><img loading="lazy" decoding="async" class="wp-image-6439 alignleft" src="http://artsetculture.fr/wp-content/uploads/2017/05/IMA-WEB-300x207.jpg" alt="IMA-WEB" width="191" height="132" srcset="https://artsetculture.fr/wp-content/uploads/2017/05/IMA-WEB-300x207.jpg 300w, https://artsetculture.fr/wp-content/uploads/2017/05/IMA-WEB.jpg 448w" sizes="auto, (max-width: 191px) 100vw, 191px" />S’il a construit de nombreux musées, de l’Institut du Monde Arabe (1981-87) qui lance sa carrière, au Musée du Quai Branly, en passant par le Musée Reina Sofia à Madrid, on ne doit pas oublier la diversité des lieux et des programmes – des logements sociaux (Némausus à Nimes) des tours (Agbar à Barcelone ou projets à la Défense), des salles de concert (Opéra de Lyon, Philharmonie de Paris en 2015), un palais de Justice….</p>
</div>
<div class="" style="text-align: justify;"><span style="color: #ffffff;">______________________________________</span></div>

<p>   Le Louvre d’Abu Dabi devrait ouvrir ses portes à la fin de l’année 2017. Ce sera pour nous l’occasion de revenir sur la carrière du plus célèbre architecte français. Né en 1945, Jean Nouvel obtient le Pritzker Price en 2008. S’il a construit de nombreux musées, de l’Institut du Monde Arabe (1981-87) qui lance &hellip; <a href="https://artsetculture.fr/index.php/event/architectes1/" class="more-link">Continuer la lecture de <span class="screen-reader-text">Architectes contemporains 1</span>  <span class="meta-nav">&rarr;</span></a></p>
