{"id":3708,"date":"2016-05-19T11:58:30","date_gmt":"2016-05-19T10:58:30","guid":{"rendered":"http:\/\/artsetculture.fr\/?post_type=event&#038;p=3708"},"modified":"2017-08-19T17:03:50","modified_gmt":"2017-08-19T16:03:50","slug":"histoire-du-maroc-du-viie-au-xxe-siecle-2","status":"publish","type":"event","link":"https:\/\/artsetculture.fr\/index.php\/event\/histoire-du-maroc-du-viie-au-xxe-siecle-2\/","title":{"rendered":"Histoire_du Maroc_2 VII_XXe_si\u00e8cle"},"content":{"rendered":"<p>&nbsp;<\/p>\n<p style=\"text-align: justify;\">Du XI\u00e8me au XIII\u00e8me si\u00e8cle les Almoravides et les Almohades, dynasties berb\u00e8res n\u00e9es dans l\u2019extr\u00e9misme religieux, r\u00e8gnent de <img loading=\"lazy\" decoding=\"async\" class=\"wp-image-5654 alignleft\" src=\"http:\/\/artsetculture.fr\/wp-content\/uploads\/2016\/06\/280px-Le_jardin_des_majorelle_16.jpg\" alt=\"280px-Le_jardin_des_majorelle_16\" width=\"190\" height=\"126\" \/>Marrakech, la nouvelle capitale. Riche de son histoire et de ses traditions, Marrakech est aujourd&rsquo;hui une destination touristique tr\u00e8s pris\u00e9e.<\/p>\n","protected":false},"excerpt":{"rendered":"<p>&nbsp; Du XI\u00e8me au XIII\u00e8me si\u00e8cle les Almoravides et les Almohades, dynasties berb\u00e8res n\u00e9es dans l\u2019extr\u00e9misme religieux, r\u00e8gnent de Marrakech, la nouvelle capitale. Riche de son histoire et de ses traditions, Marrakech est aujourd&rsquo;hui une destination touristique tr\u00e8s pris\u00e9e.<\/p>\n","protected":false},"author":8,"featured_media":0,"comment_status":"closed","ping_status":"closed","template":"","categories":[10],"tags":[],"class_list":["post-3708","event","type-event","status-publish","hentry","category-conferences"],"_links":{"self":[{"href":"https:\/\/artsetculture.fr\/index.php\/wp-json\/wp\/v2\/event\/3708","targetHints":{"allow":["GET"]}}],"collection":[{"href":"https:\/\/artsetculture.fr\/index.php\/wp-json\/wp\/v2\/event"}],"about":[{"href":"https:\/\/artsetculture.fr\/index.php\/wp-json\/wp\/v2\/types\/event"}],"author":[{"embeddable":true,"href":"https:\/\/artsetculture.fr\/index.php\/wp-json\/wp\/v2\/users\/8"}],"replies":[{"embeddable":true,"href":"https:\/\/artsetculture.fr\/index.php\/wp-json\/wp\/v2\/comments?post=3708"}],"version-history":[{"count":1,"href":"https:\/\/artsetculture.fr\/index.php\/wp-json\/wp\/v2\/event\/3708\/revisions"}],"predecessor-version":[{"id":3736,"href":"https:\/\/artsetculture.fr\/index.php\/wp-json\/wp\/v2\/event\/3708\/revisions\/3736"}],"wp:attachment":[{"href":"https:\/\/artsetculture.fr\/index.php\/wp-json\/wp\/v2\/media?parent=3708"}],"wp:term":[{"taxonomy":"category","embeddable":true,"href":"https:\/\/artsetculture.fr\/index.php\/wp-json\/wp\/v2\/categories?post=3708"},{"taxonomy":"post_tag","embeddable":true,"href":"https:\/\/artsetculture.fr\/index.php\/wp-json\/wp\/v2\/tags?post=3708"}],"curies":[{"name":"wp","href":"https:\/\/api.w.org\/{rel}","templated":true}]}}

Histoire_du Maroc_2 VII_XXe_siècle

<p>&nbsp;</p>
<p style="text-align: justify;">Du XIème au XIIIème siècle les Almoravides et les Almohades, dynasties berbères nées dans l’extrémisme religieux, règnent de <img loading="lazy" decoding="async" class="wp-image-5654 alignleft" src="http://artsetculture.fr/wp-content/uploads/2016/06/280px-Le_jardin_des_majorelle_16.jpg" alt="280px-Le_jardin_des_majorelle_16" width="190" height="126" />Marrakech, la nouvelle capitale. Riche de son histoire et de ses traditions, Marrakech est aujourd&rsquo;hui une destination touristique très prisée.</p>

<p>&nbsp; Du XIème au XIIIème siècle les Almoravides et les Almohades, dynasties berbères nées dans l’extrémisme religieux, règnent de Marrakech, la nouvelle capitale. Riche de son histoire et de ses traditions, Marrakech est aujourd&rsquo;hui une destination touristique très prisée.</p>
