{"id":13647,"date":"2025-07-09T20:55:34","date_gmt":"2025-07-09T19:55:34","guid":{"rendered":"https:\/\/artsetculture.fr\/?post_type=event&#038;p=13647"},"modified":"2025-07-09T20:55:34","modified_gmt":"2025-07-09T19:55:34","slug":"remplissage-textes-et-photos-18-4","status":"publish","type":"event","link":"https:\/\/artsetculture.fr\/index.php\/event\/remplissage-textes-et-photos-18-4\/","title":{"rendered":"L&rsquo;OEIL ET L&rsquo;OREILLE &#8211; 3"},"content":{"rendered":"<p>&nbsp;<\/p>\n<p style=\"text-align: justify;\">Le film <em>Mission<\/em> a r\u00e9v\u00e9l\u00e9 au grand public en 1986 l&rsquo;histoire tragique des missions j\u00e9suites implant\u00e9es en Am\u00e9rique latine aux XVIIe et XVIIIe si\u00e8cles par les Espagnols et abandonn\u00e9es apr\u00e8s la dissolution\u00a0de l&rsquo;ordre religieux en 1773. Dans ces \u00e9tablissements tr\u00e8s organis\u00e9s o\u00f9 les indig\u00e8nes vivaient en hommes libres en compagnie de quelques missionnaires, la musique tenait une place essentielle dans l&rsquo;\u00e9ducation et l&rsquo;\u00e9vang\u00e9lisation des populations locales. Un art sp\u00e9cifique s&rsquo;y est d\u00e9velopp\u00e9, les indig\u00e8nes assimilant la musique savante europ\u00e9enne et devenant eux-m\u00eames interpr\u00e8tes, compositeurs et facteurs d&rsquo;instruments.<\/p>\n<p><img loading=\"lazy\" decoding=\"async\" class=\"alignnone  wp-image-13649\" src=\"http:\/\/artsetculture.fr\/wp-content\/uploads\/2025\/06\/Aubriot-250512-Missions-1-300x225.jpg\" alt=\"\" width=\"308\" height=\"231\" srcset=\"https:\/\/artsetculture.fr\/wp-content\/uploads\/2025\/06\/Aubriot-250512-Missions-1-300x225.jpg 300w, https:\/\/artsetculture.fr\/wp-content\/uploads\/2025\/06\/Aubriot-250512-Missions-1-768x576.jpg 768w, https:\/\/artsetculture.fr\/wp-content\/uploads\/2025\/06\/Aubriot-250512-Missions-1.jpg 848w\" sizes=\"auto, (max-width: 308px) 100vw, 308px\" \/><\/p>\n<p>&nbsp;<\/p>\n<div>\u00a0<\/div>\n<div>\n<p style=\"text-align: justify;\">\u00a0<\/p>\n<p>&nbsp;<\/p>\n<\/div>\n<div class=\"gmail_default\">\n<p style=\"text-align: justify;\">\u00a0<\/p>\n<\/div>\n","protected":false},"excerpt":{"rendered":"<p>&nbsp; Le film Mission a r\u00e9v\u00e9l\u00e9 au grand public en 1986 l&rsquo;histoire tragique des missions j\u00e9suites implant\u00e9es en Am\u00e9rique latine aux XVIIe et XVIIIe si\u00e8cles par les Espagnols et abandonn\u00e9es apr\u00e8s la dissolution\u00a0de l&rsquo;ordre religieux en 1773. Dans ces \u00e9tablissements tr\u00e8s organis\u00e9s o\u00f9 les indig\u00e8nes vivaient en hommes libres en compagnie de quelques missionnaires, la &hellip; <a href=\"https:\/\/artsetculture.fr\/index.php\/event\/remplissage-textes-et-photos-18-4\/\" class=\"more-link\">Continuer la lecture de <span class=\"screen-reader-text\">L&rsquo;OEIL ET L&rsquo;OREILLE &#8211; 3<\/span>  <span class=\"meta-nav\">&rarr;<\/span><\/a><\/p>\n","protected":false},"author":8,"featured_media":0,"comment_status":"closed","ping_status":"closed","template":"","categories":[10],"tags":[77],"class_list":["post-13647","event","type-event","status-publish","hentry","category-conferences","tag-al"],"_links":{"self":[{"href":"https:\/\/artsetculture.fr\/index.php\/wp-json\/wp\/v2\/event\/13647","targetHints":{"allow":["GET"]}}],"collection":[{"href":"https:\/\/artsetculture.fr\/index.php\/wp-json\/wp\/v2\/event"}],"about":[{"href":"https:\/\/artsetculture.fr\/index.php\/wp-json\/wp\/v2\/types\/event"}],"author":[{"embeddable":true,"href":"https:\/\/artsetculture.fr\/index.php\/wp-json\/wp\/v2\/users\/8"}],"replies":[{"embeddable":true,"href":"https:\/\/artsetculture.fr\/index.php\/wp-json\/wp\/v2\/comments?post=13647"}],"version-history":[{"count":3,"href":"https:\/\/artsetculture.fr\/index.php\/wp-json\/wp\/v2\/event\/13647\/revisions"}],"predecessor-version":[{"id":13704,"href":"https:\/\/artsetculture.fr\/index.php\/wp-json\/wp\/v2\/event\/13647\/revisions\/13704"}],"wp:attachment":[{"href":"https:\/\/artsetculture.fr\/index.php\/wp-json\/wp\/v2\/media?parent=13647"}],"wp:term":[{"taxonomy":"category","embeddable":true,"href":"https:\/\/artsetculture.fr\/index.php\/wp-json\/wp\/v2\/categories?post=13647"},{"taxonomy":"post_tag","embeddable":true,"href":"https:\/\/artsetculture.fr\/index.php\/wp-json\/wp\/v2\/tags?post=13647"}],"curies":[{"name":"wp","href":"https:\/\/api.w.org\/{rel}","templated":true}]}}

<p>&nbsp;</p>
<p style="text-align: justify;">Le film <em>Mission</em> a révélé au grand public en 1986 l&rsquo;histoire tragique des missions jésuites implantées en Amérique latine aux XVIIe et XVIIIe siècles par les Espagnols et abandonnées après la dissolution de l&rsquo;ordre religieux en 1773. Dans ces établissements très organisés où les indigènes vivaient en hommes libres en compagnie de quelques missionnaires, la musique tenait une place essentielle dans l&rsquo;éducation et l&rsquo;évangélisation des populations locales. Un art spécifique s&rsquo;y est développé, les indigènes assimilant la musique savante européenne et devenant eux-mêmes interprètes, compositeurs et facteurs d&rsquo;instruments.</p>
<p><img loading="lazy" decoding="async" class="alignnone  wp-image-13649" src="http://artsetculture.fr/wp-content/uploads/2025/06/Aubriot-250512-Missions-1-300x225.jpg" alt="" width="308" height="231" srcset="https://artsetculture.fr/wp-content/uploads/2025/06/Aubriot-250512-Missions-1-300x225.jpg 300w, https://artsetculture.fr/wp-content/uploads/2025/06/Aubriot-250512-Missions-1-768x576.jpg 768w, https://artsetculture.fr/wp-content/uploads/2025/06/Aubriot-250512-Missions-1.jpg 848w" sizes="auto, (max-width: 308px) 100vw, 308px" /></p>
<p>&nbsp;</p>
<div> </div>
<div>
<p style="text-align: justify;"> </p>
<p>&nbsp;</p>
</div>
<div class="gmail_default">
<p style="text-align: justify;"> </p>
</div>

<p>&nbsp; Le film Mission a révélé au grand public en 1986 l&rsquo;histoire tragique des missions jésuites implantées en Amérique latine aux XVIIe et XVIIIe siècles par les Espagnols et abandonnées après la dissolution de l&rsquo;ordre religieux en 1773. Dans ces établissements très organisés où les indigènes vivaient en hommes libres en compagnie de quelques missionnaires, la &hellip; <a href="https://artsetculture.fr/index.php/event/remplissage-textes-et-photos-18-4/" class="more-link">Continuer la lecture de <span class="screen-reader-text">L&rsquo;OEIL ET L&rsquo;OREILLE &#8211; 3</span>  <span class="meta-nav">&rarr;</span></a></p>
