{"id":13566,"date":"2025-07-09T21:01:56","date_gmt":"2025-07-09T20:01:56","guid":{"rendered":"https:\/\/artsetculture.fr\/?post_type=event&#038;p=13566"},"modified":"2025-07-10T09:48:07","modified_gmt":"2025-07-10T08:48:07","slug":"remplissage-textes-et-photos-21-10","status":"publish","type":"event","link":"https:\/\/artsetculture.fr\/index.php\/event\/remplissage-textes-et-photos-21-10\/","title":{"rendered":"HISTOIRE ET ART DE LA CATALOGNE DU COMTE A LA VILLE DES PRODIGES-5"},"content":{"rendered":"<p><img loading=\"lazy\" decoding=\"async\" class=\"size-medium wp-image-13546\" src=\"http:\/\/artsetculture.fr\/wp-content\/uploads\/2025\/05\/Conf-5-Masia_Freixa_par-Lluis-muncunil-i-Parellada-300x200.jpeg\" alt=\"\" width=\"300\" height=\"200\" srcset=\"https:\/\/artsetculture.fr\/wp-content\/uploads\/2025\/05\/Conf-5-Masia_Freixa_par-Lluis-muncunil-i-Parellada-300x200.jpeg 300w, https:\/\/artsetculture.fr\/wp-content\/uploads\/2025\/05\/Conf-5-Masia_Freixa_par-Lluis-muncunil-i-Parellada.jpeg 448w\" sizes=\"auto, (max-width: 300px) 100vw, 300px\" \/><\/p>\n<p style=\"text-align: justify;\">Le modernisme continue sa diffusion hors de Barcelone, il s\u2019\u00e9tend \u00e0 toute la Catalogne illustrant son inventivit\u00e9 dans l\u2019architecture industrielle avec la Masia Freixa de Llu\u00eds Muncunill, les parcs, l\u2019architecture religieuse (sanctuaire de Montserrat \u00e0 Montferri par l\u2019\u00e9l\u00e8ve de Gaudi : Joseph Maria Jujol) ou les villas de ville (Casa Navas de Domenech y Montaner \u00e0 Reus) ou de campagne. Exub\u00e9rante et visionnaire, l\u2019architecture moderniste catalane laisse un patrimoine unique et continue d\u2019incarner l\u2019\u00e2me artistique et l\u2019identit\u00e9 catalane. Elle est aujourd\u2019hui largement prot\u00e9g\u00e9e et valoris\u00e9e comme un tr\u00e9sor culturel.<\/p>\n<p><img loading=\"lazy\" decoding=\"async\" class=\"alignnone size-medium wp-image-13545\" src=\"http:\/\/artsetculture.fr\/wp-content\/uploads\/2025\/05\/Conf-5-CasaNavas_Reus_685-300x225.jpg\" alt=\"\" width=\"300\" height=\"225\" srcset=\"https:\/\/artsetculture.fr\/wp-content\/uploads\/2025\/05\/Conf-5-CasaNavas_Reus_685-300x225.jpg 300w, https:\/\/artsetculture.fr\/wp-content\/uploads\/2025\/05\/Conf-5-CasaNavas_Reus_685.jpg 448w\" sizes=\"auto, (max-width: 300px) 100vw, 300px\" \/><\/p>\n<p>&nbsp;<\/p>\n<p>&nbsp;<\/p>\n<p>&nbsp;<\/p>\n<p>&nbsp;<\/p>\n","protected":false},"excerpt":{"rendered":"<p>Le modernisme continue sa diffusion hors de Barcelone, il s\u2019\u00e9tend \u00e0 toute la Catalogne illustrant son inventivit\u00e9 dans l\u2019architecture industrielle avec la Masia Freixa de Llu\u00eds Muncunill, les parcs, l\u2019architecture religieuse (sanctuaire de Montserrat \u00e0 Montferri par l\u2019\u00e9l\u00e8ve de Gaudi : Joseph Maria Jujol) ou les villas de ville (Casa Navas de Domenech y Montaner &hellip; <a href=\"https:\/\/artsetculture.fr\/index.php\/event\/remplissage-textes-et-photos-21-10\/\" class=\"more-link\">Continuer la lecture de <span class=\"screen-reader-text\">HISTOIRE ET ART DE LA CATALOGNE DU COMTE A LA VILLE DES PRODIGES-5<\/span>  <span class=\"meta-nav\">&rarr;<\/span><\/a><\/p>\n","protected":false},"author":8,"featured_media":0,"comment_status":"closed","ping_status":"closed","template":"","categories":[10],"tags":[77],"class_list":["post-13566","event","type-event","status-publish","hentry","category-conferences","tag-al"],"_links":{"self":[{"href":"https:\/\/artsetculture.fr\/index.php\/wp-json\/wp\/v2\/event\/13566","targetHints":{"allow":["GET"]}}],"collection":[{"href":"https:\/\/artsetculture.fr\/index.php\/wp-json\/wp\/v2\/event"}],"about":[{"href":"https:\/\/artsetculture.fr\/index.php\/wp-json\/wp\/v2\/types\/event"}],"author":[{"embeddable":true,"href":"https:\/\/artsetculture.fr\/index.php\/wp-json\/wp\/v2\/users\/8"}],"replies":[{"embeddable":true,"href":"https:\/\/artsetculture.fr\/index.php\/wp-json\/wp\/v2\/comments?post=13566"}],"version-history":[{"count":4,"href":"https:\/\/artsetculture.fr\/index.php\/wp-json\/wp\/v2\/event\/13566\/revisions"}],"predecessor-version":[{"id":13710,"href":"https:\/\/artsetculture.fr\/index.php\/wp-json\/wp\/v2\/event\/13566\/revisions\/13710"}],"wp:attachment":[{"href":"https:\/\/artsetculture.fr\/index.php\/wp-json\/wp\/v2\/media?parent=13566"}],"wp:term":[{"taxonomy":"category","embeddable":true,"href":"https:\/\/artsetculture.fr\/index.php\/wp-json\/wp\/v2\/categories?post=13566"},{"taxonomy":"post_tag","embeddable":true,"href":"https:\/\/artsetculture.fr\/index.php\/wp-json\/wp\/v2\/tags?post=13566"}],"curies":[{"name":"wp","href":"https:\/\/api.w.org\/{rel}","templated":true}]}}

<p><img loading="lazy" decoding="async" class="size-medium wp-image-13546" src="http://artsetculture.fr/wp-content/uploads/2025/05/Conf-5-Masia_Freixa_par-Lluis-muncunil-i-Parellada-300x200.jpeg" alt="" width="300" height="200" srcset="https://artsetculture.fr/wp-content/uploads/2025/05/Conf-5-Masia_Freixa_par-Lluis-muncunil-i-Parellada-300x200.jpeg 300w, https://artsetculture.fr/wp-content/uploads/2025/05/Conf-5-Masia_Freixa_par-Lluis-muncunil-i-Parellada.jpeg 448w" sizes="auto, (max-width: 300px) 100vw, 300px" /></p>
<p style="text-align: justify;">Le modernisme continue sa diffusion hors de Barcelone, il s’étend à toute la Catalogne illustrant son inventivité dans l’architecture industrielle avec la Masia Freixa de Lluís Muncunill, les parcs, l’architecture religieuse (sanctuaire de Montserrat à Montferri par l’élève de Gaudi : Joseph Maria Jujol) ou les villas de ville (Casa Navas de Domenech y Montaner à Reus) ou de campagne. Exubérante et visionnaire, l’architecture moderniste catalane laisse un patrimoine unique et continue d’incarner l’âme artistique et l’identité catalane. Elle est aujourd’hui largement protégée et valorisée comme un trésor culturel.</p>
<p><img loading="lazy" decoding="async" class="alignnone size-medium wp-image-13545" src="http://artsetculture.fr/wp-content/uploads/2025/05/Conf-5-CasaNavas_Reus_685-300x225.jpg" alt="" width="300" height="225" srcset="https://artsetculture.fr/wp-content/uploads/2025/05/Conf-5-CasaNavas_Reus_685-300x225.jpg 300w, https://artsetculture.fr/wp-content/uploads/2025/05/Conf-5-CasaNavas_Reus_685.jpg 448w" sizes="auto, (max-width: 300px) 100vw, 300px" /></p>
<p>&nbsp;</p>
<p>&nbsp;</p>
<p>&nbsp;</p>
<p>&nbsp;</p>

<p>Le modernisme continue sa diffusion hors de Barcelone, il s’étend à toute la Catalogne illustrant son inventivité dans l’architecture industrielle avec la Masia Freixa de Lluís Muncunill, les parcs, l’architecture religieuse (sanctuaire de Montserrat à Montferri par l’élève de Gaudi : Joseph Maria Jujol) ou les villas de ville (Casa Navas de Domenech y Montaner &hellip; <a href="https://artsetculture.fr/index.php/event/remplissage-textes-et-photos-21-10/" class="more-link">Continuer la lecture de <span class="screen-reader-text">HISTOIRE ET ART DE LA CATALOGNE DU COMTE A LA VILLE DES PRODIGES-5</span>  <span class="meta-nav">&rarr;</span></a></p>
