{"id":13564,"date":"2025-07-09T21:01:37","date_gmt":"2025-07-09T20:01:37","guid":{"rendered":"https:\/\/artsetculture.fr\/?post_type=event&#038;p=13564"},"modified":"2025-07-10T09:48:41","modified_gmt":"2025-07-10T08:48:41","slug":"remplissage-textes-et-photos-21-9","status":"publish","type":"event","link":"https:\/\/artsetculture.fr\/index.php\/event\/remplissage-textes-et-photos-21-9\/","title":{"rendered":"HISTOIRE ET ART DE LA CATALOGNE DU COMTE A LA VILLE DES PRODIGES-4"},"content":{"rendered":"<h4 style=\"text-align: justify;\">\u00a0<\/h4>\n<p><img loading=\"lazy\" decoding=\"async\" class=\"alignnone size-medium wp-image-13543\" src=\"http:\/\/artsetculture.fr\/wp-content\/uploads\/2025\/05\/Conf-4-Palau_de_la_Musica_-_Escultures_dEusebi_Arnau-300x200.jpg\" alt=\"\" width=\"300\" height=\"200\" srcset=\"https:\/\/artsetculture.fr\/wp-content\/uploads\/2025\/05\/Conf-4-Palau_de_la_Musica_-_Escultures_dEusebi_Arnau-300x200.jpg 300w, https:\/\/artsetculture.fr\/wp-content\/uploads\/2025\/05\/Conf-4-Palau_de_la_Musica_-_Escultures_dEusebi_Arnau.jpg 448w\" sizes=\"auto, (max-width: 300px) 100vw, 300px\" \/><\/p>\n<p style=\"text-align: justify;\">L\u2019architecture moderniste atteint son apog\u00e9e avec Antoni Gaud\u00ed, Dom\u00e8nech i Montaner et Puig i Cadafalch. Elle se distingue par ses formes organiques m\u00ealant r\u00e9f\u00e9rences animale, min\u00e9rale, l\u2019usage du trencad\u00eds (mosa\u00efque de c\u00e9ramique), et une esth\u00e9tique tr\u00e8s ornement\u00e9e ou le v\u00e9g\u00e9tal se combine aux concr\u00e9tions fantastiques. Les quartiers de l\u2019Eixample (extension) \u00e0 Barcelone se couvrent de b\u00e2timents modernistes embl\u00e9matiques comme le Palau de la M\u00fasica Catalana ou les palais de l\u2019Illa de la Disc\u00f2rdia du Passeig de Gracia. Barcelone, \u00ab\u00a0ville des prodiges\u00a0\u00bb, devient un immense chantier, symbole de l\u2019\u00e9lan national catalan<\/p>\n<p><img loading=\"lazy\" decoding=\"async\" class=\"size-medium wp-image-13544\" src=\"http:\/\/artsetculture.fr\/wp-content\/uploads\/2025\/05\/Conf-4-Palau_de_la_Musica_Catalana-Palace_of_Catalan_Music_Image_2-300x225.jpg\" alt=\"\" width=\"300\" height=\"225\" srcset=\"https:\/\/artsetculture.fr\/wp-content\/uploads\/2025\/05\/Conf-4-Palau_de_la_Musica_Catalana-Palace_of_Catalan_Music_Image_2-300x225.jpg 300w, https:\/\/artsetculture.fr\/wp-content\/uploads\/2025\/05\/Conf-4-Palau_de_la_Musica_Catalana-Palace_of_Catalan_Music_Image_2.jpg 448w\" sizes=\"auto, (max-width: 300px) 100vw, 300px\" \/><\/p>\n","protected":false},"excerpt":{"rendered":"<p>\u00a0 L\u2019architecture moderniste atteint son apog\u00e9e avec Antoni Gaud\u00ed, Dom\u00e8nech i Montaner et Puig i Cadafalch. Elle se distingue par ses formes organiques m\u00ealant r\u00e9f\u00e9rences animale, min\u00e9rale, l\u2019usage du trencad\u00eds (mosa\u00efque de c\u00e9ramique), et une esth\u00e9tique tr\u00e8s ornement\u00e9e ou le v\u00e9g\u00e9tal se combine aux concr\u00e9tions fantastiques. Les quartiers de l\u2019Eixample (extension) \u00e0 Barcelone se couvrent &hellip; <a href=\"https:\/\/artsetculture.fr\/index.php\/event\/remplissage-textes-et-photos-21-9\/\" class=\"more-link\">Continuer la lecture de <span class=\"screen-reader-text\">HISTOIRE ET ART DE LA CATALOGNE DU COMTE A LA VILLE DES PRODIGES-4<\/span>  <span class=\"meta-nav\">&rarr;<\/span><\/a><\/p>\n","protected":false},"author":8,"featured_media":0,"comment_status":"closed","ping_status":"closed","template":"","categories":[10],"tags":[77],"class_list":["post-13564","event","type-event","status-publish","hentry","category-conferences","tag-al"],"_links":{"self":[{"href":"https:\/\/artsetculture.fr\/index.php\/wp-json\/wp\/v2\/event\/13564","targetHints":{"allow":["GET"]}}],"collection":[{"href":"https:\/\/artsetculture.fr\/index.php\/wp-json\/wp\/v2\/event"}],"about":[{"href":"https:\/\/artsetculture.fr\/index.php\/wp-json\/wp\/v2\/types\/event"}],"author":[{"embeddable":true,"href":"https:\/\/artsetculture.fr\/index.php\/wp-json\/wp\/v2\/users\/8"}],"replies":[{"embeddable":true,"href":"https:\/\/artsetculture.fr\/index.php\/wp-json\/wp\/v2\/comments?post=13564"}],"version-history":[{"count":3,"href":"https:\/\/artsetculture.fr\/index.php\/wp-json\/wp\/v2\/event\/13564\/revisions"}],"predecessor-version":[{"id":13709,"href":"https:\/\/artsetculture.fr\/index.php\/wp-json\/wp\/v2\/event\/13564\/revisions\/13709"}],"wp:attachment":[{"href":"https:\/\/artsetculture.fr\/index.php\/wp-json\/wp\/v2\/media?parent=13564"}],"wp:term":[{"taxonomy":"category","embeddable":true,"href":"https:\/\/artsetculture.fr\/index.php\/wp-json\/wp\/v2\/categories?post=13564"},{"taxonomy":"post_tag","embeddable":true,"href":"https:\/\/artsetculture.fr\/index.php\/wp-json\/wp\/v2\/tags?post=13564"}],"curies":[{"name":"wp","href":"https:\/\/api.w.org\/{rel}","templated":true}]}}

<h4 style="text-align: justify;"> </h4>
<p><img loading="lazy" decoding="async" class="alignnone size-medium wp-image-13543" src="http://artsetculture.fr/wp-content/uploads/2025/05/Conf-4-Palau_de_la_Musica_-_Escultures_dEusebi_Arnau-300x200.jpg" alt="" width="300" height="200" srcset="https://artsetculture.fr/wp-content/uploads/2025/05/Conf-4-Palau_de_la_Musica_-_Escultures_dEusebi_Arnau-300x200.jpg 300w, https://artsetculture.fr/wp-content/uploads/2025/05/Conf-4-Palau_de_la_Musica_-_Escultures_dEusebi_Arnau.jpg 448w" sizes="auto, (max-width: 300px) 100vw, 300px" /></p>
<p style="text-align: justify;">L’architecture moderniste atteint son apogée avec Antoni Gaudí, Domènech i Montaner et Puig i Cadafalch. Elle se distingue par ses formes organiques mêlant références animale, minérale, l’usage du trencadís (mosaïque de céramique), et une esthétique très ornementée ou le végétal se combine aux concrétions fantastiques. Les quartiers de l’Eixample (extension) à Barcelone se couvrent de bâtiments modernistes emblématiques comme le Palau de la Música Catalana ou les palais de l’Illa de la Discòrdia du Passeig de Gracia. Barcelone, « ville des prodiges », devient un immense chantier, symbole de l’élan national catalan</p>
<p><img loading="lazy" decoding="async" class="size-medium wp-image-13544" src="http://artsetculture.fr/wp-content/uploads/2025/05/Conf-4-Palau_de_la_Musica_Catalana-Palace_of_Catalan_Music_Image_2-300x225.jpg" alt="" width="300" height="225" srcset="https://artsetculture.fr/wp-content/uploads/2025/05/Conf-4-Palau_de_la_Musica_Catalana-Palace_of_Catalan_Music_Image_2-300x225.jpg 300w, https://artsetculture.fr/wp-content/uploads/2025/05/Conf-4-Palau_de_la_Musica_Catalana-Palace_of_Catalan_Music_Image_2.jpg 448w" sizes="auto, (max-width: 300px) 100vw, 300px" /></p>

<p>  L’architecture moderniste atteint son apogée avec Antoni Gaudí, Domènech i Montaner et Puig i Cadafalch. Elle se distingue par ses formes organiques mêlant références animale, minérale, l’usage du trencadís (mosaïque de céramique), et une esthétique très ornementée ou le végétal se combine aux concrétions fantastiques. Les quartiers de l’Eixample (extension) à Barcelone se couvrent &hellip; <a href="https://artsetculture.fr/index.php/event/remplissage-textes-et-photos-21-9/" class="more-link">Continuer la lecture de <span class="screen-reader-text">HISTOIRE ET ART DE LA CATALOGNE DU COMTE A LA VILLE DES PRODIGES-4</span>  <span class="meta-nav">&rarr;</span></a></p>
