{"id":12851,"date":"2023-07-26T18:06:41","date_gmt":"2023-07-26T17:06:41","guid":{"rendered":"https:\/\/artsetculture.fr\/?post_type=event&#038;p=12851"},"modified":"2023-07-26T18:06:41","modified_gmt":"2023-07-26T17:06:41","slug":"lumieres-scandinaves-la-peinture-deckersberg-a-e-munch-1-5","status":"publish","type":"event","link":"https:\/\/artsetculture.fr\/index.php\/event\/lumieres-scandinaves-la-peinture-deckersberg-a-e-munch-1-5\/","title":{"rendered":"LES GRANDS DECORS PEINTS DE GIOTTO A MICHEL-ANGE &#8211; 4"},"content":{"rendered":"<p>&nbsp;<\/p>\n<p style=\"text-align: justify;\">En 1508, le pape Jules II impose \u00e0 Michel-Ange la d\u00e9coration de la vo\u00fbte de la chapelle Sixtine.\u00a0<\/p>\n<p><img loading=\"lazy\" decoding=\"async\" class=\"alignnone size-medium wp-image-12855\" src=\"http:\/\/artsetculture.fr\/wp-content\/uploads\/2023\/07\/LibyanSibyl_SistineChapel-Conf-4-1-288x300.jpg\" alt=\"\" width=\"288\" height=\"300\" srcset=\"https:\/\/artsetculture.fr\/wp-content\/uploads\/2023\/07\/LibyanSibyl_SistineChapel-Conf-4-1-288x300.jpg 288w, https:\/\/artsetculture.fr\/wp-content\/uploads\/2023\/07\/LibyanSibyl_SistineChapel-Conf-4-1-768x801.jpg 768w, https:\/\/artsetculture.fr\/wp-content\/uploads\/2023\/07\/LibyanSibyl_SistineChapel-Conf-4-1.jpg 899w\" sizes=\"auto, (max-width: 288px) 100vw, 288px\" \/><\/p>\n<p>&nbsp;<\/p>\n<p style=\"text-align: justify;\">Dans un corps \u00e0 corps dantesque, le sculpteur r\u00e9volutionne l\u2019histoire du grand d\u00e9cor en d\u00e9veloppant une vision prom\u00e9th\u00e9enne de la Cr\u00e9ation jusqu\u2019\u00e0 la chute de l\u2019humanit\u00e9, nous l\u00e9guant ainsi \u00a0des figures inoubliables et \u00e9poustouflantes.<\/p>\n<p>&nbsp;<\/p>\n<p>&nbsp;<\/p>\n","protected":false},"excerpt":{"rendered":"<p>&nbsp; En 1508, le pape Jules II impose \u00e0 Michel-Ange la d\u00e9coration de la vo\u00fbte de la chapelle Sixtine.\u00a0 &nbsp; Dans un corps \u00e0 corps dantesque, le sculpteur r\u00e9volutionne l\u2019histoire du grand d\u00e9cor en d\u00e9veloppant une vision prom\u00e9th\u00e9enne de la Cr\u00e9ation jusqu\u2019\u00e0 la chute de l\u2019humanit\u00e9, nous l\u00e9guant ainsi \u00a0des figures inoubliables et \u00e9poustouflantes. &nbsp; &hellip; <a href=\"https:\/\/artsetculture.fr\/index.php\/event\/lumieres-scandinaves-la-peinture-deckersberg-a-e-munch-1-5\/\" class=\"more-link\">Continuer la lecture de <span class=\"screen-reader-text\">LES GRANDS DECORS PEINTS DE GIOTTO A MICHEL-ANGE &#8211; 4<\/span>  <span class=\"meta-nav\">&rarr;<\/span><\/a><\/p>\n","protected":false},"author":8,"featured_media":0,"comment_status":"closed","ping_status":"closed","template":"","categories":[10],"tags":[77],"class_list":["post-12851","event","type-event","status-publish","hentry","category-conferences","tag-al"],"_links":{"self":[{"href":"https:\/\/artsetculture.fr\/index.php\/wp-json\/wp\/v2\/event\/12851","targetHints":{"allow":["GET"]}}],"collection":[{"href":"https:\/\/artsetculture.fr\/index.php\/wp-json\/wp\/v2\/event"}],"about":[{"href":"https:\/\/artsetculture.fr\/index.php\/wp-json\/wp\/v2\/types\/event"}],"author":[{"embeddable":true,"href":"https:\/\/artsetculture.fr\/index.php\/wp-json\/wp\/v2\/users\/8"}],"replies":[{"embeddable":true,"href":"https:\/\/artsetculture.fr\/index.php\/wp-json\/wp\/v2\/comments?post=12851"}],"version-history":[{"count":5,"href":"https:\/\/artsetculture.fr\/index.php\/wp-json\/wp\/v2\/event\/12851\/revisions"}],"predecessor-version":[{"id":12906,"href":"https:\/\/artsetculture.fr\/index.php\/wp-json\/wp\/v2\/event\/12851\/revisions\/12906"}],"wp:attachment":[{"href":"https:\/\/artsetculture.fr\/index.php\/wp-json\/wp\/v2\/media?parent=12851"}],"wp:term":[{"taxonomy":"category","embeddable":true,"href":"https:\/\/artsetculture.fr\/index.php\/wp-json\/wp\/v2\/categories?post=12851"},{"taxonomy":"post_tag","embeddable":true,"href":"https:\/\/artsetculture.fr\/index.php\/wp-json\/wp\/v2\/tags?post=12851"}],"curies":[{"name":"wp","href":"https:\/\/api.w.org\/{rel}","templated":true}]}}

<p>&nbsp;</p>
<p style="text-align: justify;">En 1508, le pape Jules II impose à Michel-Ange la décoration de la voûte de la chapelle Sixtine. </p>
<p><img loading="lazy" decoding="async" class="alignnone size-medium wp-image-12855" src="http://artsetculture.fr/wp-content/uploads/2023/07/LibyanSibyl_SistineChapel-Conf-4-1-288x300.jpg" alt="" width="288" height="300" srcset="https://artsetculture.fr/wp-content/uploads/2023/07/LibyanSibyl_SistineChapel-Conf-4-1-288x300.jpg 288w, https://artsetculture.fr/wp-content/uploads/2023/07/LibyanSibyl_SistineChapel-Conf-4-1-768x801.jpg 768w, https://artsetculture.fr/wp-content/uploads/2023/07/LibyanSibyl_SistineChapel-Conf-4-1.jpg 899w" sizes="auto, (max-width: 288px) 100vw, 288px" /></p>
<p>&nbsp;</p>
<p style="text-align: justify;">Dans un corps à corps dantesque, le sculpteur révolutionne l’histoire du grand décor en développant une vision prométhéenne de la Création jusqu’à la chute de l’humanité, nous léguant ainsi  des figures inoubliables et époustouflantes.</p>
<p>&nbsp;</p>
<p>&nbsp;</p>

<p>&nbsp; En 1508, le pape Jules II impose à Michel-Ange la décoration de la voûte de la chapelle Sixtine.  &nbsp; Dans un corps à corps dantesque, le sculpteur révolutionne l’histoire du grand décor en développant une vision prométhéenne de la Création jusqu’à la chute de l’humanité, nous léguant ainsi  des figures inoubliables et époustouflantes. &nbsp; &hellip; <a href="https://artsetculture.fr/index.php/event/lumieres-scandinaves-la-peinture-deckersberg-a-e-munch-1-5/" class="more-link">Continuer la lecture de <span class="screen-reader-text">LES GRANDS DECORS PEINTS DE GIOTTO A MICHEL-ANGE &#8211; 4</span>  <span class="meta-nav">&rarr;</span></a></p>
