{"id":12343,"date":"2022-08-01T21:05:29","date_gmt":"2022-08-01T20:05:29","guid":{"rendered":"http:\/\/artsetculture.fr\/?post_type=event&#038;p=12343"},"modified":"2022-09-16T18:05:21","modified_gmt":"2022-09-16T17:05:21","slug":"les-grands-aventuriers-1","status":"publish","type":"event","link":"https:\/\/artsetculture.fr\/index.php\/event\/les-grands-aventuriers-1\/","title":{"rendered":"Explorateurs c\u00e9l\u00e8bres &#8211; 1"},"content":{"rendered":"<h4 style=\"text-align: justify;\">\u00a0<\/h4>\n<p style=\"text-align: justify;\">Aussi intr\u00e9pide dans les for\u00eats amazoniennes que dans les steppes de l\u2019Asie centrale, ce naturaliste fut aussi renomm\u00e9 dans le Paris napol\u00e9onien qu\u2019\u00e0 la cour du roi de Prusse. Tous les grands esprits de son temps \u00e9taient ses familiers, ses amis, ses intimes. Goethe disait, souffl\u00e9 : \u00ab\u00a0<em>En huit jours de lecture assidue, on n\u2019en apprendrait pas autant qu\u2019avec lui en une heure\u00a0\u00bb<\/em>. Le baron Alexander von Humboldt fut, sans conteste, le savant le plus c\u00e9l\u00e8bre de la premi\u00e8re moiti\u00e9 du XIXe si\u00e8cle et l&rsquo;un des premiers \u00e9cologistes de l&rsquo;histoire.<\/p>\n<p>&nbsp;<\/p>\n<p>&nbsp;<\/p>\n","protected":false},"excerpt":{"rendered":"<p>\u00a0 Aussi intr\u00e9pide dans les for\u00eats amazoniennes que dans les steppes de l\u2019Asie centrale, ce naturaliste fut aussi renomm\u00e9 dans le Paris napol\u00e9onien qu\u2019\u00e0 la cour du roi de Prusse. Tous les grands esprits de son temps \u00e9taient ses familiers, ses amis, ses intimes. Goethe disait, souffl\u00e9 : \u00ab\u00a0En huit jours de lecture assidue, on &hellip; <a href=\"https:\/\/artsetculture.fr\/index.php\/event\/les-grands-aventuriers-1\/\" class=\"more-link\">Continuer la lecture de <span class=\"screen-reader-text\">Explorateurs c\u00e9l\u00e8bres &#8211; 1<\/span>  <span class=\"meta-nav\">&rarr;<\/span><\/a><\/p>\n","protected":false},"author":8,"featured_media":0,"comment_status":"closed","ping_status":"closed","template":"","categories":[10],"tags":[77],"class_list":["post-12343","event","type-event","status-publish","hentry","category-conferences","tag-al"],"_links":{"self":[{"href":"https:\/\/artsetculture.fr\/index.php\/wp-json\/wp\/v2\/event\/12343","targetHints":{"allow":["GET"]}}],"collection":[{"href":"https:\/\/artsetculture.fr\/index.php\/wp-json\/wp\/v2\/event"}],"about":[{"href":"https:\/\/artsetculture.fr\/index.php\/wp-json\/wp\/v2\/types\/event"}],"author":[{"embeddable":true,"href":"https:\/\/artsetculture.fr\/index.php\/wp-json\/wp\/v2\/users\/8"}],"replies":[{"embeddable":true,"href":"https:\/\/artsetculture.fr\/index.php\/wp-json\/wp\/v2\/comments?post=12343"}],"version-history":[{"count":1,"href":"https:\/\/artsetculture.fr\/index.php\/wp-json\/wp\/v2\/event\/12343\/revisions"}],"predecessor-version":[{"id":12399,"href":"https:\/\/artsetculture.fr\/index.php\/wp-json\/wp\/v2\/event\/12343\/revisions\/12399"}],"wp:attachment":[{"href":"https:\/\/artsetculture.fr\/index.php\/wp-json\/wp\/v2\/media?parent=12343"}],"wp:term":[{"taxonomy":"category","embeddable":true,"href":"https:\/\/artsetculture.fr\/index.php\/wp-json\/wp\/v2\/categories?post=12343"},{"taxonomy":"post_tag","embeddable":true,"href":"https:\/\/artsetculture.fr\/index.php\/wp-json\/wp\/v2\/tags?post=12343"}],"curies":[{"name":"wp","href":"https:\/\/api.w.org\/{rel}","templated":true}]}}

Explorateurs célèbres &#8211; 1

<h4 style="text-align: justify;"> </h4>
<p style="text-align: justify;">Aussi intrépide dans les forêts amazoniennes que dans les steppes de l’Asie centrale, ce naturaliste fut aussi renommé dans le Paris napoléonien qu’à la cour du roi de Prusse. Tous les grands esprits de son temps étaient ses familiers, ses amis, ses intimes. Goethe disait, soufflé : « <em>En huit jours de lecture assidue, on n’en apprendrait pas autant qu’avec lui en une heure »</em>. Le baron Alexander von Humboldt fut, sans conteste, le savant le plus célèbre de la première moitié du XIXe siècle et l&rsquo;un des premiers écologistes de l&rsquo;histoire.</p>
<p>&nbsp;</p>
<p>&nbsp;</p>

<p>  Aussi intrépide dans les forêts amazoniennes que dans les steppes de l’Asie centrale, ce naturaliste fut aussi renommé dans le Paris napoléonien qu’à la cour du roi de Prusse. Tous les grands esprits de son temps étaient ses familiers, ses amis, ses intimes. Goethe disait, soufflé : « En huit jours de lecture assidue, on &hellip; <a href="https://artsetculture.fr/index.php/event/les-grands-aventuriers-1/" class="more-link">Continuer la lecture de <span class="screen-reader-text">Explorateurs célèbres &#8211; 1</span>  <span class="meta-nav">&rarr;</span></a></p>
