{"id":11635,"date":"2021-08-02T19:57:26","date_gmt":"2021-08-02T18:57:26","guid":{"rendered":"http:\/\/artsetculture.fr\/?post_type=event&#038;p=11635"},"modified":"2022-03-19T15:38:56","modified_gmt":"2022-03-19T14:38:56","slug":"loeil-et-loreille-2-2","status":"publish","type":"event","link":"https:\/\/artsetculture.fr\/index.php\/event\/loeil-et-loreille-2-2\/","title":{"rendered":"L&rsquo;oeil et l&rsquo;oreille &#8211; 2"},"content":{"rendered":"<p>&nbsp;<\/p>\n<p style=\"text-align: justify;\">L&rsquo;univers\u00a0de la danse, avec sa beaut\u00e9 mais aussi ses c\u00f4t\u00e9s sombres, a fascin\u00e9 Degas qui lui a consacr\u00e9 plusieurs centaines de tableaux : <img loading=\"lazy\" decoding=\"async\" class=\"wp-image-11637 alignleft\" src=\"http:\/\/artsetculture.fr\/wp-content\/uploads\/2021\/08\/Coppelia2-300x300.png\" alt=\"Coppelia2\" width=\"189\" height=\"189\" srcset=\"https:\/\/artsetculture.fr\/wp-content\/uploads\/2021\/08\/Coppelia2-300x300.png 300w, https:\/\/artsetculture.fr\/wp-content\/uploads\/2021\/08\/Coppelia2-150x150.png 150w, https:\/\/artsetculture.fr\/wp-content\/uploads\/2021\/08\/Coppelia2.png 334w\" sizes=\"auto, (max-width: 189px) 100vw, 189px\" \/>danseuses, ballets, r\u00e9p\u00e9titions&#8230; Delibes a quant \u00e0 lui compos\u00e9 trois ballets qui sont des \u0153uvres embl\u00e9matiques du r\u00e9pertoire de danse fran\u00e7ais du XIXe si\u00e8cle : <i>Copp\u00e9lia<\/i>,\u00a0<i>Sylvia<\/i> et <i>La Source<\/i>.<\/p>\n","protected":false},"excerpt":{"rendered":"<p>&nbsp; L&rsquo;univers\u00a0de la danse, avec sa beaut\u00e9 mais aussi ses c\u00f4t\u00e9s sombres, a fascin\u00e9 Degas qui lui a consacr\u00e9 plusieurs centaines de tableaux : danseuses, ballets, r\u00e9p\u00e9titions&#8230; Delibes a quant \u00e0 lui compos\u00e9 trois ballets qui sont des \u0153uvres embl\u00e9matiques du r\u00e9pertoire de danse fran\u00e7ais du XIXe si\u00e8cle : Copp\u00e9lia,\u00a0Sylvia et La Source.<\/p>\n","protected":false},"author":1,"featured_media":0,"comment_status":"closed","ping_status":"closed","template":"","categories":[10],"tags":[],"class_list":["post-11635","event","type-event","status-publish","hentry","category-conferences"],"_links":{"self":[{"href":"https:\/\/artsetculture.fr\/index.php\/wp-json\/wp\/v2\/event\/11635","targetHints":{"allow":["GET"]}}],"collection":[{"href":"https:\/\/artsetculture.fr\/index.php\/wp-json\/wp\/v2\/event"}],"about":[{"href":"https:\/\/artsetculture.fr\/index.php\/wp-json\/wp\/v2\/types\/event"}],"author":[{"embeddable":true,"href":"https:\/\/artsetculture.fr\/index.php\/wp-json\/wp\/v2\/users\/1"}],"replies":[{"embeddable":true,"href":"https:\/\/artsetculture.fr\/index.php\/wp-json\/wp\/v2\/comments?post=11635"}],"version-history":[{"count":0,"href":"https:\/\/artsetculture.fr\/index.php\/wp-json\/wp\/v2\/event\/11635\/revisions"}],"wp:attachment":[{"href":"https:\/\/artsetculture.fr\/index.php\/wp-json\/wp\/v2\/media?parent=11635"}],"wp:term":[{"taxonomy":"category","embeddable":true,"href":"https:\/\/artsetculture.fr\/index.php\/wp-json\/wp\/v2\/categories?post=11635"},{"taxonomy":"post_tag","embeddable":true,"href":"https:\/\/artsetculture.fr\/index.php\/wp-json\/wp\/v2\/tags?post=11635"}],"curies":[{"name":"wp","href":"https:\/\/api.w.org\/{rel}","templated":true}]}}

<p>&nbsp;</p>
<p style="text-align: justify;">L&rsquo;univers de la danse, avec sa beauté mais aussi ses côtés sombres, a fasciné Degas qui lui a consacré plusieurs centaines de tableaux : <img loading="lazy" decoding="async" class="wp-image-11637 alignleft" src="http://artsetculture.fr/wp-content/uploads/2021/08/Coppelia2-300x300.png" alt="Coppelia2" width="189" height="189" srcset="https://artsetculture.fr/wp-content/uploads/2021/08/Coppelia2-300x300.png 300w, https://artsetculture.fr/wp-content/uploads/2021/08/Coppelia2-150x150.png 150w, https://artsetculture.fr/wp-content/uploads/2021/08/Coppelia2.png 334w" sizes="auto, (max-width: 189px) 100vw, 189px" />danseuses, ballets, répétitions&#8230; Delibes a quant à lui composé trois ballets qui sont des œuvres emblématiques du répertoire de danse français du XIXe siècle : <i>Coppélia</i>, <i>Sylvia</i> et <i>La Source</i>.</p>

<p>&nbsp; L&rsquo;univers de la danse, avec sa beauté mais aussi ses côtés sombres, a fasciné Degas qui lui a consacré plusieurs centaines de tableaux : danseuses, ballets, répétitions&#8230; Delibes a quant à lui composé trois ballets qui sont des œuvres emblématiques du répertoire de danse français du XIXe siècle : Coppélia, Sylvia et La Source.</p>
