{"id":6902,"date":"2017-08-15T08:52:09","date_gmt":"2017-08-15T07:52:09","guid":{"rendered":"http:\/\/artsetculture.fr\/?page_id=6902"},"modified":"2017-08-22T19:49:19","modified_gmt":"2017-08-22T18:49:19","slug":"voyage-2017","status":"publish","type":"page","link":"http:\/\/artsetculture.fr\/index.php\/historique\/saison2016-2017\/voyage-2017\/","title":{"rendered":"Voyage 2017"},"content":{"rendered":"<p>&nbsp;<\/p>\n<h2>mai 2017<\/h2><div class=\"qem \"><div class=\"qem-icon\"><div class=\"qem-calendar-small\" style=\"margin:0 6px 8px 0;\"><span class=\"day\" >11<\/span><span class=\"nonday\" ><span class=\"month\"><b><em>Mai<\/em><\/b><\/span><span class=\"year\">2017<\/span><\/span><\/div><\/div><div class=\"qem-small\"><div class=\"qemright\">\r\n<img decoding=\"async\" class=\"qem-image\" src=\"http:\/\/artsetculture.fr\/wp-content\/uploads\/2017\/02\/Chateau-WEB.jpg\"><br>\r\n<\/div>\r\n<h2 class=\"qem_title\">La Champagne<\/h2><p class=\"desc\" style=\"font-weight: bold; font-style: italic; font-size: 100%; \" >Visite du Ch\u00e2teau de Pierry et de la vieille ville de Chalons-en-Champagne<\/p><p class=\"organisation\" style=\"font-weight: bold; color: #021ed6; font-size: 100%; \" > Inscriptions closes<\/p><p>&nbsp;<\/p>\r\n<p><span style=\"color: #ff0000;\"><em><strong>D\u00e9part du car 7 h 30 \u00a0- \u00a0Maison de l'Isle-Adam \u00a0 \u00a0 \u00a0 \u00a0 \u00a0 \u00a0 \u00a0 \u00a0 \u00a0 \u00a0 \u00a0 \u00a0 \u00a0 \u00a0 \u00a0 \u00a0 \u00a0 Retour<span style=\"color: #ffffff;\">_<\/span>20<span style=\"color: #ffffff;\">_<\/span>h<span style=\"color: #ffffff;\">_<\/span>00<\/strong><\/em><\/span><\/p>\r\n<p><span style=\"color: #ff0000;\"><em><strong>Prix: 100\u20ac<\/strong><\/em><\/span> \u00a0(Car, conf\u00e9renciers, billets, d\u00e9jeuner au restaurant)<\/p>\r\n<p>&nbsp;<\/p>\r\n<p style=\"text-align: justify;\"><strong><em><img loading=\"lazy\" decoding=\"async\" class=\"alignleft wp-image-5709\" src=\"http:\/\/artsetculture.fr\/wp-content\/uploads\/2017\/02\/pressoir-300x198.jpg\" alt=\"pressoir\" width=\"200\" height=\"132\" srcset=\"http:\/\/artsetculture.fr\/wp-content\/uploads\/2017\/02\/pressoir-300x198.jpg 300w, http:\/\/artsetculture.fr\/wp-content\/uploads\/2017\/02\/pressoir.jpg 456w\" sizes=\"auto, (max-width: 200px) 100vw, 200px\" \/><a href=\"http:\/\/www.chateau-de-pierry.fr\/\"><span style=\"color: #008000;\">Le<span style=\"color: #ffffff;\">_<\/span>Ch\u00e2teau<span style=\"color: #ffffff;\">_<\/span>de<span style=\"color: #ffffff;\">_<\/span>Pierry<\/span>\u00a0<\/a>\u00a0 \u00a0 \u00a0 \u00a0 <\/em><\/strong><em>Aux<span style=\"color: #ffffff;\"><strong>_<\/strong><\/span>portes<\/em><span style=\"color: #ffffff;\"><strong>_<\/strong><\/span><em>sud<\/em><span style=\"color: #ffffff;\"><strong>_<\/strong><\/span><em>d\u2019Epernay, a<\/em>ccueillis par le Ma\u00eetre des lieux, vous parcourrez le grenier champenois, les petits appartements privatifs, la Galerie des Rois de France et des Dynasties du Champagne ; puis le jardin anglais, le cellier-pressoir, les petits caveaux du 18\u00e8me s., la cuverie et les bas celliers du ch\u00e2teau. Dans ce lieu privil\u00e9gi\u00e9 une d\u00e9gustation de champagne vous sera offerte.<\/p>\r\n<p style=\"text-align: justify;\"><strong><em><br \/><img loading=\"lazy\" decoding=\"async\" class=\"alignright wp-image-6152\" src=\"http:\/\/artsetculture.fr\/wp-content\/uploads\/2017\/03\/Notredamedevaux-chevet-300x225.jpg\" alt=\"Notredamedevaux-chevet\" width=\"170\" height=\"128\" srcset=\"http:\/\/artsetculture.fr\/wp-content\/uploads\/2017\/03\/Notredamedevaux-chevet-300x225.jpg 300w, http:\/\/artsetculture.fr\/wp-content\/uploads\/2017\/03\/Notredamedevaux-chevet-768x576.jpg 768w, http:\/\/artsetculture.fr\/wp-content\/uploads\/2017\/03\/Notredamedevaux-chevet.jpg 800w\" sizes=\"auto, (max-width: 170px) 100vw, 170px\" \/>Ch\u00e2lons-en-Champagne \u00a0 \u00a0 \u00a0 \u00a0 <\/em><\/strong><\/p>\r\n<p style=\"text-align: justify;\">Visite<span style=\"color: #ffffff;\"><strong>_<\/strong><\/span>guid\u00e9e de la vieille ville<span style=\"color: #ffffff;\">_<\/span>: la\u00a0<span style=\"color: #339966;\"><em><strong><a style=\"color: #339966;\" href=\"http:\/\/www.chalons-tourisme.com\/visiter_bouger\/collegiale-notre-dame-en-vaux-pcu0000000000432\/\"><u>Coll\u00e9giale <span style=\"color: #008000;\">Notre-Dame-en-Vaux<\/span><\/u><\/a><\/strong><\/em><\/span><span style=\"color: #008000;\">,\u00a0 point de rassemblement des <\/span>Europ\u00e9ens du Nord et de l\u2019Est partant pour le p\u00e8lerinage de <img loading=\"lazy\" decoding=\"async\" class=\"alignleft wp-image-5710\" src=\"http:\/\/artsetculture.fr\/wp-content\/uploads\/2017\/02\/maison-de-ville-300x225.jpg\" alt=\"maison de ville\" width=\"185\" height=\"139\" srcset=\"http:\/\/artsetculture.fr\/wp-content\/uploads\/2017\/02\/maison-de-ville-300x225.jpg 300w, http:\/\/artsetculture.fr\/wp-content\/uploads\/2017\/02\/maison-de-ville.jpg 548w\" sizes=\"auto, (max-width: 185px) 100vw, 185px\" \/>Saint Jacques de Compostelle, le petit jard, bel \u00e9crin de verdure, la cath\u00e9drale, l\u2019ancien quartier marchand (places de l\u2019h\u00f4tel de ville et de la R\u00e9publique, rue des Lombards\u2026)<\/p>\r\n<p style=\"text-align: justify;\"><strong><em><img loading=\"lazy\" decoding=\"async\" class=\"alignright wp-image-5711\" src=\"http:\/\/artsetculture.fr\/wp-content\/uploads\/2017\/02\/sortie-barque-300x225.jpg\" alt=\"sortie barque\" width=\"170\" height=\"128\" srcset=\"http:\/\/artsetculture.fr\/wp-content\/uploads\/2017\/02\/sortie-barque-300x225.jpg 300w, http:\/\/artsetculture.fr\/wp-content\/uploads\/2017\/02\/sortie-barque.jpg 396w\" sizes=\"auto, (max-width: 170px) 100vw, 170px\" \/><\/em><\/strong><\/p>\r\n<p style=\"text-align: justify;\"><strong><span style=\"color: #008000;\"><em><a style=\"color: #008000;\" href=\"http:\/\/www.chalons-tourisme.com\/decouvrir\/les-incontournables\/balade-en-barque\/\">Enfin la promenade en barque<\/a><\/em> <\/span><\/strong>vous transportera dans le c\u0153ur historique et sous les m\u00e9andres de la ville. On pourra y voir des monuments li\u00e9s \u00e0 sa fortification, la coll\u00e9giale, la travers\u00e9e d\u2019un petit jardin\u2026<\/p>\r\n<p style=\"text-align: justify;\"><span style=\"color: #ffffff;\"><strong>_______________________________________<\/strong><\/span><\/p>\r\n<p style=\"text-align: justify;\"><span style=\"color: #ff0000;\"><em><strong>Date limite d'inscription le 18 avril 2017<a href=\"http:\/\/artsetculture.fr\/wp-content\/uploads\/2017\/03\/Invitation-LA-CHAMPAGNE.pdf\"><img loading=\"lazy\" decoding=\"async\" class=\"alignright wp-image-6054\" src=\"http:\/\/artsetculture.fr\/wp-content\/uploads\/2017\/03\/Invitation-LA-CHAMPAGNE-WEB-213x300.jpg\" alt=\"Invitation LA CHAMPAGNE-WEB\" width=\"84\" height=\"118\" srcset=\"http:\/\/artsetculture.fr\/wp-content\/uploads\/2017\/03\/Invitation-LA-CHAMPAGNE-WEB-213x300.jpg 213w, http:\/\/artsetculture.fr\/wp-content\/uploads\/2017\/03\/Invitation-LA-CHAMPAGNE-WEB.jpg 318w\" sizes=\"auto, (max-width: 84px) 100vw, 84px\" \/><\/a><\/strong><\/em><\/span><\/p>\r\n<p style=\"text-align: justify;\"><span style=\"text-decoration: underline;\">Places limit\u00e9es<\/span>\u00a0 \u00a0 \u00a0Imprimer l'invitation --\u2192<\/p>\r\n<p style=\"text-align: justify;\">\u00a0<\/p><div style=\"clear:both\"><\/div><\/div><\/div>\r\n\n<p><strong><em>\u00a0 \u00a0 \u00a0 \u00a0 \u00a0 \u00a0 \u00a0 \u00a0 \u00a0 \u00a0 \u00a0 \u00a0 \u00a0 \u00a0 \u00a0 \u00a0 \u00a0 \u00a0 \u00a0<a href=\"http:\/\/artsetculture.fr\/index.php\/historique\/saison2016-2017\/conferences-2016-2017\/\">Conf\u00e9rences<\/a>\u00a0 \u00a0 \u00a0 \u00a0 \u00a0 \u00a0 \u00a0 \u00a0 \u00a0 \u00a0 \u00a0 \u00a0 \u00a0 \u00a0 \u00a0 \u00a0 \u00a0 \u00a0<a href=\"http:\/\/artsetculture.fr\/index.php\/historique\/saison2016-2017\/visites-expos-2016-2017\/\">Visites<\/a><br \/>\n<\/em><\/strong><\/p>\n<p><em><strong>\u00a0 \u00a0 \u00a0 \u00a0 \u00a0 \u00a0 \u00a0 \u00a0 \u00a0 \u00a0 \u00a0 \u00a0 \u00a0 \u00a0 \u00a0 \u00a0 \u00a0 \u00a0 \u00a0 \u00a0 \u00a0 \u00a0 \u00a0 \u00a0 \u00a0 \u00a0 \u00a0 \u00a0 \u00a0 \u00a0 \u00a0 \u00a0<a href=\"http:\/\/artsetculture.fr\/index.php\/infos-pratiques-2\/conditions\/\">Infos pratiques<\/a><\/strong><\/em><\/p>\n<h4><strong><span style=\"color: #ffffff;\">________<\/span><a href=\"http:\/\/artsetculture.fr\/index.php\/historique\/saison2016-2017\/voyage-2017\/\">________________________________________________\u00a0\u21d1<\/a><span style=\"color: #ffffff;\"> \u00a0\u00a0<\/span><\/strong><\/h4>\n","protected":false},"excerpt":{"rendered":"<p>&nbsp; \u00a0 \u00a0 \u00a0 \u00a0 \u00a0 \u00a0 \u00a0 \u00a0 \u00a0 \u00a0 \u00a0 \u00a0 \u00a0 \u00a0 \u00a0 \u00a0 \u00a0 \u00a0 \u00a0Conf\u00e9rences\u00a0 \u00a0 \u00a0 \u00a0 \u00a0 \u00a0 \u00a0 \u00a0 \u00a0 \u00a0 \u00a0 \u00a0 \u00a0 \u00a0 \u00a0 \u00a0 \u00a0 \u00a0Visites \u00a0 \u00a0 \u00a0 \u00a0 \u00a0 \u00a0 \u00a0 \u00a0 \u00a0 \u00a0 \u00a0 \u00a0 \u00a0 \u00a0 \u00a0 \u00a0 \u00a0 \u00a0 &hellip; <a href=\"http:\/\/artsetculture.fr\/index.php\/event\/brancusi-2-3-3-3-2\/\" class=\"more-link\">Continuer la lecture de <span class=\"screen-reader-text\">MATISSE<\/span>  <span class=\"meta-nav\">&rarr;<\/span><\/a><\/p>\n","protected":false},"author":1,"featured_media":0,"parent":6333,"menu_order":4,"comment_status":"closed","ping_status":"closed","template":"","meta":{"footnotes":""},"class_list":["post-6902","page","type-page","status-publish","hentry"],"_links":{"self":[{"href":"http:\/\/artsetculture.fr\/index.php\/wp-json\/wp\/v2\/pages\/6902","targetHints":{"allow":["GET"]}}],"collection":[{"href":"http:\/\/artsetculture.fr\/index.php\/wp-json\/wp\/v2\/pages"}],"about":[{"href":"http:\/\/artsetculture.fr\/index.php\/wp-json\/wp\/v2\/types\/page"}],"author":[{"embeddable":true,"href":"http:\/\/artsetculture.fr\/index.php\/wp-json\/wp\/v2\/users\/1"}],"replies":[{"embeddable":true,"href":"http:\/\/artsetculture.fr\/index.php\/wp-json\/wp\/v2\/comments?post=6902"}],"version-history":[{"count":3,"href":"http:\/\/artsetculture.fr\/index.php\/wp-json\/wp\/v2\/pages\/6902\/revisions"}],"predecessor-version":[{"id":7157,"href":"http:\/\/artsetculture.fr\/index.php\/wp-json\/wp\/v2\/pages\/6902\/revisions\/7157"}],"up":[{"embeddable":true,"href":"http:\/\/artsetculture.fr\/index.php\/wp-json\/wp\/v2\/pages\/6333"}],"wp:attachment":[{"href":"http:\/\/artsetculture.fr\/index.php\/wp-json\/wp\/v2\/media?parent=6902"}],"curies":[{"name":"wp","href":"https:\/\/api.w.org\/{rel}","templated":true}]}}