{"id":13512,"date":"2025-02-13T11:39:25","date_gmt":"2025-02-13T10:39:25","guid":{"rendered":"https:\/\/artsetculture.fr\/?page_id=13512"},"modified":"2025-02-13T11:39:30","modified_gmt":"2025-02-13T10:39:30","slug":"visites-expos-2022-2023","status":"publish","type":"page","link":"http:\/\/artsetculture.fr\/index.php\/historique\/saison-2022-2023\/visites-expos-2022-2023\/","title":{"rendered":"Visites-Expos 2022-2023"},"content":{"rendered":"<h2>d\u00e9cembre 2023<\/h2><div class=\"qem \"><div class=\"qem-icon\"><div class=\"qem-calendar-small\" style=\"margin:0 6px 8px 0;\"><span class=\"day\" >06<\/span><span class=\"nonday\" ><span class=\"month\"><b><em>D\u00e9c<\/em><\/b><\/span><span class=\"year\">2023<\/span><\/span><\/div><\/div><div class=\"qem-small\"><div class=\"qemlistright\">\r\n<a href=\"http:\/\/artsetculture.fr\/index.php\/event\/musee-de-la-chasse-et-de-la-nature-ab-2-3-4-2\/\"><img decoding=\"async\" class=\"qem-list-image\" src=\"http:\/\/artsetculture.fr\/wp-content\/uploads\/2023\/07\/restricted-003.jpg\"><\/a><br>\r\n<\/div>\r\n<h2 class=\"qem_title\"><a href=\"http:\/\/artsetculture.fr\/index.php\/event\/musee-de-la-chasse-et-de-la-nature-ab-2-3-4-2\/\">Gertrude STEIN ET PABLO PICASSO<\/a><\/h2><p class=\"desc\" style=\"font-weight: bold; font-style: italic; font-size: 100%; \" >L'invention du langage, complicit\u00e9 et inventivit\u00e9<\/p><p class=\"location\" style=\"font-weight: bold; font-style: italic; color: #dd3333; font-size: 90%; \" >Mus\u00e9e  du Luxembourg<\/p><p class=\"organisation\" style=\"font-weight: bold; color: #021ed6; font-size: 100%; \" >Fran\u00e7oise Gagliano<\/p><div style=\"clear:both\"><\/div><\/div><\/div>\r\n\n<h2><\/h2>\n<h2>novembre 2023<\/h2><div class=\"qem \"><div class=\"qem-icon\"><div class=\"qem-calendar-small\" style=\"margin:0 6px 8px 0;\"><span class=\"day\" >15<\/span><span class=\"nonday\" ><span class=\"month\"><b><em>Nov<\/em><\/b><\/span><span class=\"year\">2023<\/span><\/span><\/div><\/div><div class=\"qem-small\"><div class=\"qemlistright\">\r\n<a href=\"http:\/\/artsetculture.fr\/index.php\/event\/musee-dorsay-2-2\/\"><img decoding=\"async\" class=\"qem-list-image\" src=\"http:\/\/artsetculture.fr\/wp-content\/uploads\/2023\/10\/Modigliani_Paul_Guillaume.jpg\"><\/a><br>\r\n<\/div>\r\n<h2 class=\"qem_title\"><a href=\"http:\/\/artsetculture.fr\/index.php\/event\/musee-dorsay-2-2\/\">MUSEE DE L'ORANGERIE<\/a><\/h2><p class=\"desc\" style=\"font-weight: bold; font-style: italic; font-size: 100%; \" >Collections permanentes - Modigliani<\/p><p class=\"location\" style=\"font-weight: bold; font-style: italic; color: #dd3333; font-size: 90%; \" >Mus\u00e9e de l'Orangerie<\/p><p class=\"organisation\" style=\"font-weight: bold; color: #021ed6; font-size: 100%; \" >Fran\u00e7oise Gagliano<\/p><div style=\"clear:both\"><\/div><\/div><\/div>\r\n\n<h2><\/h2>\n<h2>octobre 2023<\/h2><div class=\"qem \"><div class=\"qem-icon\"><div class=\"qem-calendar-small\" style=\"margin:0 6px 8px 0;\"><span class=\"day\" >18<\/span><span class=\"nonday\" ><span class=\"month\"><b><em>Oct<\/em><\/b><\/span><span class=\"year\">2023<\/span><\/span><\/div><\/div><div class=\"qem-small\"><div class=\"qemlistright\">\r\n<a href=\"http:\/\/artsetculture.fr\/index.php\/event\/musee-dorsay\/\"><img decoding=\"async\" class=\"qem-list-image\" src=\"http:\/\/artsetculture.fr\/wp-content\/uploads\/2023\/07\/cda_actu_2019_hs_focus_autoportrait_van_gogh_ok-tt-width-1200-height-900-fill-0-crop-1-bgcolor-ffffff.jpg\"><\/a><br>\r\n<\/div>\r\n<h2 class=\"qem_title\"><a href=\"http:\/\/artsetculture.fr\/index.php\/event\/musee-dorsay\/\">VAN GOGH A AUVERS SUR OISE, LES DERNIERS MOIS<\/a><\/h2><p class=\"desc\" style=\"font-weight: bold; font-style: italic; font-size: 100%; \" >Van Gogh \u00e0 Auvers sur Oise, les derniers mois<\/p><p class=\"location\" style=\"font-weight: bold; font-style: italic; color: #dd3333; font-size: 90%; \" >Mus\u00e9e d'Orsay<\/p><p class=\"organisation\" style=\"font-weight: bold; color: #021ed6; font-size: 100%; \" >Fran\u00e7oise Gagliano et une autre conf\u00e9renci\u00e8re<\/p><div style=\"clear:both\"><\/div><\/div><\/div>\r\n\n<h2><\/h2>\n<h2>septembre 2023<\/h2><div class=\"qem \"><div class=\"qem-icon\"><div class=\"qem-calendar-small\" style=\"margin:0 6px 8px 0;\"><span class=\"day\" >22<\/span><span class=\"nonday\" ><span class=\"month\"><b><em>Sep<\/em><\/b><\/span><span class=\"year\">2023<\/span><\/span><\/div><\/div><div class=\"qem-small\"><div class=\"qemlistright\">\r\n<a href=\"http:\/\/artsetculture.fr\/index.php\/event\/musee-de-la-chasse-et-de-la-nature-ab-2-3-4-3\/\"><img decoding=\"async\" class=\"qem-list-image\" src=\"http:\/\/artsetculture.fr\/wp-content\/uploads\/2023\/07\/chemin-du-montparnasse-paris-14-003.jpg\"><\/a><br>\r\n<\/div>\r\n<h2 class=\"qem_title\"><a href=\"http:\/\/artsetculture.fr\/index.php\/event\/musee-de-la-chasse-et-de-la-nature-ab-2-3-4-3\/\">LE QUARTIER DE MONTPARNASSE<\/a><\/h2><p class=\"desc\" style=\"font-weight: bold; font-style: italic; font-size: 100%; \" >Un quartier, un esprit et une histoire<\/p><p class=\"organisation\" style=\"font-weight: bold; color: #021ed6; font-size: 100%; \" >P. Hemmler<\/p><div style=\"clear:both\"><\/div><\/div><\/div>\r\n<div class=\"qem \"><div class=\"qem-icon\"><div class=\"qem-calendar-small\" style=\"margin:0 6px 8px 0;\"><span class=\"day\" >26<\/span><span class=\"nonday\" ><span class=\"month\"><b><em>Sep<\/em><\/b><\/span><span class=\"year\">2023<\/span><\/span><\/div><\/div><div class=\"qem-small\"><div class=\"qemlistright\">\r\n<a href=\"http:\/\/artsetculture.fr\/index.php\/event\/musee-de-la-chasse-et-de-la-nature-ab-2-3-4-4\/\"><img decoding=\"async\" class=\"qem-list-image\" src=\"http:\/\/artsetculture.fr\/wp-content\/uploads\/2023\/07\/visite-guide-montparnasse-002.jpg\"><\/a><br>\r\n<\/div>\r\n<h2 class=\"qem_title\"><a href=\"http:\/\/artsetculture.fr\/index.php\/event\/musee-de-la-chasse-et-de-la-nature-ab-2-3-4-4\/\">LE QUARTIER DE MONTPARNASSE<\/a><\/h2><p class=\"desc\" style=\"font-weight: bold; font-style: italic; font-size: 100%; \" >Un quartier, un esprit et une histoire<\/p><p class=\"organisation\" style=\"font-weight: bold; color: #021ed6; font-size: 100%; \" >P. Hemmler<\/p><div style=\"clear:both\"><\/div><\/div><\/div>\r\n\n<h2><\/h2>\n<h2><\/h2>\n<h2><\/h2>\n<h2><\/h2>\n<h2><\/h2>\n<h2><\/h2>\n<h2><\/h2>\n<h2><\/h2>\n<h2><\/h2>\n<h2><\/h2>\n<h2><\/h2>\n<h2><\/h2>\n<h2><\/h2>\n<h2><\/h2>\n<h2><\/h2>\n<h2><\/h2>\n<h2><\/h2>\n<h2>d\u00e9cembre 2022<\/h2><div class=\"qem \"><div class=\"qem-icon\"><div class=\"qem-calendar-small\" style=\"margin:0 6px 8px 0;\"><span class=\"day\" >07<\/span><span class=\"nonday\" ><span class=\"month\"><b><em>D\u00e9c<\/em><\/b><\/span><span class=\"year\">2022<\/span><\/span><\/div><\/div><div class=\"qem-small\"><div class=\"qemlistright\">\r\n<a href=\"http:\/\/artsetculture.fr\/index.php\/event\/musee-de-la-chasse-et-de-la-nature-ab-2-3-4\/\"><img decoding=\"async\" class=\"qem-list-image\" src=\"http:\/\/artsetculture.fr\/wp-content\/uploads\/2022\/08\/Friederich_Nietzsche-1.jpg\"><\/a><br>\r\n<\/div>\r\n<h2 class=\"qem_title\"><a href=\"http:\/\/artsetculture.fr\/index.php\/event\/musee-de-la-chasse-et-de-la-nature-ab-2-3-4\/\">EDVARD MUNCH. UN POEME DE VIE, D\u2019AMOUR ET DE MORT<\/a><\/h2><p class=\"desc\" style=\"font-weight: bold; font-style: italic; font-size: 100%; \" >Une vision symboliste du monde<\/p><p class=\"location\" style=\"font-weight: bold; font-style: italic; color: #dd3333; font-size: 90%; \" >Mus\u00e9e  D'Orsay<\/p><p class=\"organisation\" style=\"font-weight: bold; color: #021ed6; font-size: 100%; \" >Fran\u00e7oise Gagliano<\/p><div style=\"clear:both\"><\/div><\/div><\/div>\r\n\n<h2><\/h2>\n<h2>novembre 2022<\/h2><div class=\"qem \"><div class=\"qem-icon\"><div class=\"qem-calendar-small\" style=\"margin:0 6px 8px 0;\"><span class=\"day\" >15<\/span><span class=\"nonday\" ><span class=\"month\"><b><em>Nov<\/em><\/b><\/span><span class=\"year\">2022<\/span><\/span><\/div><\/div><div class=\"qem-small\"><div class=\"qemlistright\">\r\n<a href=\"http:\/\/artsetculture.fr\/index.php\/event\/musee-de-la-chasse-et-de-la-nature-ab-2-3-2\/\"><img decoding=\"async\" class=\"qem-list-image\" src=\"http:\/\/artsetculture.fr\/wp-content\/uploads\/2022\/08\/cauchemar-Fussli.png\"><\/a><br>\r\n<\/div>\r\n<h2 class=\"qem_title\"><a href=\"http:\/\/artsetculture.fr\/index.php\/event\/musee-de-la-chasse-et-de-la-nature-ab-2-3-2\/\">Fussli - Entre r\u00eave et fantastique<\/a><\/h2><p class=\"desc\" style=\"font-weight: bold; font-style: italic; font-size: 100%; \" >L'artiste de l'imaginaire et du sublime<\/p><p class=\"location\" style=\"font-weight: bold; font-style: italic; color: #dd3333; font-size: 90%; \" >Mus\u00e9e  Jacquemart - Andr\u00e9 <\/p><p class=\"organisation\" style=\"font-weight: bold; color: #021ed6; font-size: 100%; \" >Fran\u00e7oise Gagliano<\/p><div style=\"clear:both\"><\/div><\/div><\/div>\r\n\n<h2><\/h2>\n<h2>octobre 2022<\/h2><div class=\"qem \"><div class=\"qem-icon\"><div class=\"qem-calendar-small\" style=\"margin:0 6px 8px 0;\"><span class=\"day\" >19<\/span><span class=\"nonday\" ><span class=\"month\"><b><em>Oct<\/em><\/b><\/span><span class=\"year\">2022<\/span><\/span><\/div><\/div><div class=\"qem-small\"><div class=\"qemlistright\">\r\n<a href=\"http:\/\/artsetculture.fr\/index.php\/event\/musee-de-la-chasse-et-de-la-nature-ab-2-3-3\/\"><img decoding=\"async\" class=\"qem-list-image\" src=\"http:\/\/artsetculture.fr\/wp-content\/uploads\/2022\/08\/644138-bourse-de-commerce-collection-pinault.jpg\"><\/a><br>\r\n<\/div>\r\n<h2 class=\"qem_title\"><a href=\"http:\/\/artsetculture.fr\/index.php\/event\/musee-de-la-chasse-et-de-la-nature-ab-2-3-3\/\">Une seconde d'\u00e9ternit\u00e9<\/a><\/h2><p class=\"desc\" style=\"font-weight: bold; font-style: italic; font-size: 100%; \" >La qu\u00eate d'un insaisissable infini<\/p><p class=\"location\" style=\"font-weight: bold; font-style: italic; color: #dd3333; font-size: 90%; \" >Bourse du commerce<\/p><p class=\"organisation\" style=\"font-weight: bold; color: #021ed6; font-size: 100%; \" >Fran\u00e7oise Gagliano<\/p><div style=\"clear:both\"><\/div><\/div><\/div>\r\n\n<h2><\/h2>\n<h2>septembre 2022<\/h2><div class=\"qem \"><div class=\"qem-icon\"><div class=\"qem-calendar-small\" style=\"margin:0 6px 8px 0;\"><span class=\"day\" >15<\/span><span class=\"nonday\" ><span class=\"month\"><b><em>Sep<\/em><\/b><\/span><span class=\"year\">2022<\/span><\/span><\/div><\/div><div class=\"qem-small\"><div class=\"qemlistright\">\r\n<a href=\"http:\/\/artsetculture.fr\/index.php\/event\/claire-illouz-les-abords-du-paysage\/\"><img decoding=\"async\" class=\"qem-list-image\" src=\"http:\/\/artsetculture.fr\/wp-content\/uploads\/2022\/08\/talus-de-mars-iv-encre-et-aquarelle-sur-papier-94-x-995-cm-2019_46553071344_o.jpg\"><\/a><br>\r\n<\/div>\r\n<h2 class=\"qem_title\"><a href=\"http:\/\/artsetculture.fr\/index.php\/event\/claire-illouz-les-abords-du-paysage\/\">Claire Illouz - Les abords du paysage<\/a><\/h2><p class=\"desc\" style=\"font-weight: bold; font-style: italic; font-size: 100%; \" >Peindre les paysages oubli\u00e9s<\/p><p class=\"location\" style=\"font-weight: bold; font-style: italic; color: #dd3333; font-size: 90%; \" >Mus\u00e9e Senlecq<\/p><p class=\"organisation\" style=\"font-weight: bold; color: #021ed6; font-size: 100%; \" >Arts & Culture<\/p><div style=\"clear:both\"><\/div><\/div><\/div>\r\n<div class=\"qem \"><div class=\"qem-icon\"><div class=\"qem-calendar-small\" style=\"margin:0 6px 8px 0;\"><span class=\"day\" >20<\/span><span class=\"nonday\" ><span class=\"month\"><b><em>Sep<\/em><\/b><\/span><span class=\"year\">2022<\/span><\/span><\/div><\/div><div class=\"qem-small\"><div class=\"qemlistright\">\r\n<a href=\"http:\/\/artsetculture.fr\/index.php\/event\/paris-16e-art-nouveau-p-hemmler\/\"><img decoding=\"async\" class=\"qem-list-image\" src=\"http:\/\/artsetculture.fr\/wp-content\/uploads\/2022\/08\/Guimard-beranger.jpg\"><\/a><br>\r\n<\/div>\r\n<h2 class=\"qem_title\"><a href=\"http:\/\/artsetculture.fr\/index.php\/event\/paris-16e-art-nouveau-p-hemmler\/\">PARIS 16e - Art nouveau - P. Hemmler<\/a><\/h2><p class=\"desc\" style=\"font-weight: bold; font-style: italic; font-size: 100%; \" >Hector Guimart ... et autres...<\/p><p class=\"location\" style=\"font-weight: bold; font-style: italic; color: #dd3333; font-size: 90%; \" >Groupe A <\/p><p class=\"organisation\" style=\"font-weight: bold; color: #021ed6; font-size: 100%; \" >P. Hemmler<\/p><div style=\"clear:both\"><\/div><\/div><\/div>\r\n<div class=\"qem \"><div class=\"qem-icon\"><div class=\"qem-calendar-small\" style=\"margin:0 6px 8px 0;\"><span class=\"day\" >27<\/span><span class=\"nonday\" ><span class=\"month\"><b><em>Sep<\/em><\/b><\/span><span class=\"year\">2022<\/span><\/span><\/div><\/div><div class=\"qem-small\"><div class=\"qemlistright\">\r\n<a href=\"http:\/\/artsetculture.fr\/index.php\/event\/paris-16e-art-nouveau-p-hemmler-2\/\"><img decoding=\"async\" class=\"qem-list-image\" src=\"http:\/\/artsetculture.fr\/wp-content\/uploads\/2022\/08\/Guimard-beranger.jpg\"><\/a><br>\r\n<\/div>\r\n<h2 class=\"qem_title\"><a href=\"http:\/\/artsetculture.fr\/index.php\/event\/paris-16e-art-nouveau-p-hemmler-2\/\">PARIS 16e - Art nouveau - P. Hemmler<\/a><\/h2><p class=\"desc\" style=\"font-weight: bold; font-style: italic; font-size: 100%; \" >Hector Guimart ... et autres...<\/p><p class=\"location\" style=\"font-weight: bold; font-style: italic; color: #dd3333; font-size: 90%; \" >Groupe B<\/p><p class=\"organisation\" style=\"font-weight: bold; color: #021ed6; font-size: 100%; \" >P. Hemmler<\/p><div style=\"clear:both\"><\/div><\/div><\/div>\r\n\n<h2><\/h2>\n<h2><\/h2>\n<h2><\/h2>\n<h2><\/h2>\n<h2><\/h2>\n<h2><\/h2>\n<h2><\/h2>\n<h2>mai 2022<\/h2><div class=\"qem \"><div class=\"qem-icon\"><div class=\"qem-calendar-small\" style=\"margin:0 6px 8px 0;\"><span class=\"day\" >11<\/span><span class=\"nonday\" ><span class=\"month\"><b><em>Mai<\/em><\/b><\/span><span class=\"year\">2022<\/span><\/span><\/div><\/div><div class=\"qem-small\"><div class=\"qemlistright\">\r\n<a href=\"http:\/\/artsetculture.fr\/index.php\/event\/musee-de-la-chasse-et-de-la-nature-ab-2-3\/\"><img decoding=\"async\" class=\"qem-list-image\" src=\"http:\/\/artsetculture.fr\/wp-content\/uploads\/2022\/03\/Gaudi-Sagrada-familia-DOC.jpg\"><\/a><br>\r\n<\/div>\r\n<h2 class=\"qem_title\"><a href=\"http:\/\/artsetculture.fr\/index.php\/event\/musee-de-la-chasse-et-de-la-nature-ab-2-3\/\">Gaudi -AB<\/a><\/h2><p class=\"desc\" style=\"font-weight: bold; font-style: italic; font-size: 100%; \" >Un g\u00e9nie fantasque<\/p><p class=\"location\" style=\"font-weight: bold; font-style: italic; color: #dd3333; font-size: 90%; \" >Mus\u00e9e d'Orsay<\/p><p class=\"organisation\" style=\"font-weight: bold; color: #021ed6; font-size: 100%; \" >Fran\u00e7oise Gagliano<\/p><div style=\"clear:both\"><\/div><\/div><\/div>\r\n\n<h2><\/h2>\n<h2>avril 2022<\/h2><div class=\"qem \"><div class=\"qem-icon\"><div class=\"qem-calendar-small\" style=\"margin:0 6px 8px 0;\"><span class=\"day\" >05<\/span><span class=\"nonday\" ><span class=\"month\"><b><em>Avr<\/em><\/b><\/span><span class=\"year\">2022<\/span><\/span><\/div><\/div><div class=\"qem-small\"><div class=\"qemlistright\">\r\n<a href=\"http:\/\/artsetculture.fr\/index.php\/event\/musee-de-la-chasse-et-de-la-nature-ab-2-2\/\"><img decoding=\"async\" class=\"qem-list-image\" src=\"http:\/\/artsetculture.fr\/wp-content\/uploads\/2021\/12\/Pionni\u00e8res.jpg\"><\/a><br>\r\n<\/div>\r\n<h2 class=\"qem_title\"><a href=\"http:\/\/artsetculture.fr\/index.php\/event\/musee-de-la-chasse-et-de-la-nature-ab-2-2\/\">Pionni\u00e8res-Artistes -AB<\/a><\/h2><p class=\"desc\" style=\"font-weight: bold; font-style: italic; font-size: 100%; \" >Artistes dans le Paris des ann\u00e9es folles...<\/p><p class=\"location\" style=\"font-weight: bold; font-style: italic; color: #dd3333; font-size: 90%; \" >Mus\u00e9e du Luxembourg<\/p><p class=\"organisation\" style=\"font-weight: bold; color: #021ed6; font-size: 100%; \" >Fran\u00e7oise Gagliano<\/p><div style=\"clear:both\"><\/div><\/div><\/div>\r\n<div class=\"qem \"><div class=\"qem-icon\"><div class=\"qem-calendar-small\" style=\"margin:0 6px 8px 0;\"><span class=\"day\" >15<\/span><span class=\"nonday\" ><span class=\"month\"><b><em>Avr<\/em><\/b><\/span><span class=\"year\">2022<\/span><\/span><\/div><\/div><div class=\"qem-small\"><div class=\"qemlistright\">\r\n<a href=\"http:\/\/artsetculture.fr\/index.php\/event\/boulogne-des-annees-30-b\/\"><img decoding=\"async\" class=\"qem-list-image\" src=\"http:\/\/artsetculture.fr\/wp-content\/uploads\/2022\/03\/11-LE-CORBUSIER-1924-2-1.jpg\"><\/a><br>\r\n<\/div>\r\n<h2 class=\"qem_title\"><a href=\"http:\/\/artsetculture.fr\/index.php\/event\/boulogne-des-annees-30-b\/\">Boulogne des ann\u00e9es 30 -A<\/a><\/h2><p class=\"desc\" style=\"font-weight: bold; font-style: italic; font-size: 100%; \" >Boulogne - Laboratoire des arts d\u00e9coratifs<\/p><p class=\"location\" style=\"font-weight: bold; font-style: italic; color: #dd3333; font-size: 90%; \" >Groupe A<\/p><p class=\"organisation\" style=\"font-weight: bold; color: #021ed6; font-size: 100%; \" >Patrick Hemmler<\/p><div style=\"clear:both\"><\/div><\/div><\/div>\r\n<div class=\"qem \"><div class=\"qem-icon\"><div class=\"qem-calendar-small\" style=\"margin:0 6px 8px 0;\"><span class=\"day\" >22<\/span><span class=\"nonday\" ><span class=\"month\"><b><em>Avr<\/em><\/b><\/span><span class=\"year\">2022<\/span><\/span><\/div><\/div><div class=\"qem-small\"><div class=\"qemlistright\">\r\n<a href=\"http:\/\/artsetculture.fr\/index.php\/event\/boulogne-des-annees-30-b-2\/\"><img decoding=\"async\" class=\"qem-list-image\" src=\"http:\/\/artsetculture.fr\/wp-content\/uploads\/2022\/03\/11-LE-CORBUSIER-1924-2-1.jpg\"><\/a><br>\r\n<\/div>\r\n<h2 class=\"qem_title\"><a href=\"http:\/\/artsetculture.fr\/index.php\/event\/boulogne-des-annees-30-b-2\/\">Boulogne des ann\u00e9es 30 -B<\/a><\/h2><p class=\"desc\" style=\"font-weight: bold; font-style: italic; font-size: 100%; \" >Boulogne - Laboratoire des arts d\u00e9coratifs<\/p><p class=\"location\" style=\"font-weight: bold; font-style: italic; color: #dd3333; font-size: 90%; \" >Groupe B<\/p><p class=\"organisation\" style=\"font-weight: bold; color: #021ed6; font-size: 100%; \" >Patrick Hemmler<\/p><div style=\"clear:both\"><\/div><\/div><\/div>\r\n\n<h2><\/h2>\n<h2>mars 2022<\/h2><div class=\"qem \"><div class=\"qem-icon\"><div class=\"qem-calendar-small\" style=\"margin:0 6px 8px 0;\"><span class=\"day\" >09<\/span><span class=\"nonday\" ><span class=\"month\"><b><em>Mar<\/em><\/b><\/span><span class=\"year\">2022<\/span><\/span><\/div><\/div><div class=\"qem-small\"><div class=\"qemlistright\">\r\n<a href=\"http:\/\/artsetculture.fr\/index.php\/event\/musee-de-la-chasse-et-de-la-nature-ab-2\/\"><img decoding=\"async\" class=\"qem-list-image\" src=\"http:\/\/artsetculture.fr\/wp-content\/uploads\/2021\/12\/Julie_Manet_with_a_cat_-_Renoir-CAWEB.jpg\"><\/a><br>\r\n<\/div>\r\n<h2 class=\"qem_title\"><a href=\"http:\/\/artsetculture.fr\/index.php\/event\/musee-de-la-chasse-et-de-la-nature-ab-2\/\">Julie Manet -AB<\/a><\/h2><p class=\"desc\" style=\"font-weight: bold; font-style: italic; font-size: 100%; \" >La m\u00e9moire impressionniste<\/p><p class=\"location\" style=\"font-weight: bold; font-style: italic; color: #dd3333; font-size: 90%; \" >Mus\u00e9e Marmottan<\/p><p class=\"organisation\" style=\"font-weight: bold; color: #021ed6; font-size: 100%; \" >Fran\u00e7oise Gagliano<\/p><div style=\"clear:both\"><\/div><\/div><\/div>\r\n\n<h2><\/h2>\n<h2><\/h2>\n<h2><\/h2>\n<h2>janvier 2022<\/h2><div class=\"qem \"><div class=\"qem-icon\"><div class=\"qem-calendar-small\" style=\"margin:0 6px 8px 0;\"><span class=\"day\" >25<\/span><span class=\"nonday\" ><span class=\"month\"><b><em>Jan<\/em><\/b><\/span><span class=\"year\">2022<\/span><\/span><\/div><\/div><div class=\"qem-small\"><div class=\"qemlistright\">\r\n<a href=\"http:\/\/artsetculture.fr\/index.php\/event\/musee-de-la-chasse-et-de-la-nature-ab\/\"><img decoding=\"async\" class=\"qem-list-image\" src=\"http:\/\/artsetculture.fr\/wp-content\/uploads\/2021\/12\/Chasse-et-nature-1.jpg\"><\/a><br>\r\n<\/div>\r\n<h2 class=\"qem_title\"><a href=\"http:\/\/artsetculture.fr\/index.php\/event\/musee-de-la-chasse-et-de-la-nature-ab\/\">Mus\u00e9e de la chasse et de la nature -AB<\/a><\/h2><p class=\"desc\" style=\"font-weight: bold; font-style: italic; font-size: 100%; \" >Mus\u00e9e habit\u00e9, demeure de collectionneur esth\u00e8te<\/p><p class=\"location\" style=\"font-weight: bold; font-style: italic; color: #dd3333; font-size: 90%; \" >62 rue des archives 75003 Paris<\/p><p class=\"organisation\" style=\"font-weight: bold; color: #021ed6; font-size: 100%; \" >Fran\u00e7oise Gagliano<\/p><div style=\"clear:both\"><\/div><\/div><\/div>\r\n\n<h2><\/h2>\n<h4><strong><span style=\"color: #ffffff;\">_ \u00a0 \u00a0 \u00a0 \u00a0 \u00a0_<\/span><a href=\"http:\/\/artsetculture.fr\/index.php\/historique\/saison-2019-2020\/visites-expos-2019-2020\/\">____________________________________________\u00a0\u21d1<\/a><\/strong><\/h4>\n","protected":false},"excerpt":{"rendered":"<p>_ \u00a0 \u00a0 \u00a0 \u00a0 \u00a0_____________________________________________\u00a0\u21d1<\/p>\n","protected":false},"author":111,"featured_media":0,"parent":13507,"menu_order":2,"comment_status":"closed","ping_status":"closed","template":"","meta":{"footnotes":""},"class_list":["post-13512","page","type-page","status-publish","hentry"],"_links":{"self":[{"href":"http:\/\/artsetculture.fr\/index.php\/wp-json\/wp\/v2\/pages\/13512","targetHints":{"allow":["GET"]}}],"collection":[{"href":"http:\/\/artsetculture.fr\/index.php\/wp-json\/wp\/v2\/pages"}],"about":[{"href":"http:\/\/artsetculture.fr\/index.php\/wp-json\/wp\/v2\/types\/page"}],"author":[{"embeddable":true,"href":"http:\/\/artsetculture.fr\/index.php\/wp-json\/wp\/v2\/users\/111"}],"replies":[{"embeddable":true,"href":"http:\/\/artsetculture.fr\/index.php\/wp-json\/wp\/v2\/comments?post=13512"}],"version-history":[{"count":2,"href":"http:\/\/artsetculture.fr\/index.php\/wp-json\/wp\/v2\/pages\/13512\/revisions"}],"predecessor-version":[{"id":13519,"href":"http:\/\/artsetculture.fr\/index.php\/wp-json\/wp\/v2\/pages\/13512\/revisions\/13519"}],"up":[{"embeddable":true,"href":"http:\/\/artsetculture.fr\/index.php\/wp-json\/wp\/v2\/pages\/13507"}],"wp:attachment":[{"href":"http:\/\/artsetculture.fr\/index.php\/wp-json\/wp\/v2\/media?parent=13512"}],"curies":[{"name":"wp","href":"https:\/\/api.w.org\/{rel}","templated":true}]}}