{"id":12510,"date":"2023-03-09T10:39:00","date_gmt":"2023-03-09T09:39:00","guid":{"rendered":"https:\/\/artsetculture.fr\/?page_id=12510"},"modified":"2023-03-09T10:39:03","modified_gmt":"2023-03-09T09:39:03","slug":"visites-expos-2020-2021","status":"publish","type":"page","link":"http:\/\/artsetculture.fr\/index.php\/historique\/programme-2019-2020-2-2\/visites-expos-2020-2021\/","title":{"rendered":"Visites-Expos 2021-2022"},"content":{"rendered":"<h2>septembre 2021<\/h2><div class=\"qem \"><div class=\"qem-icon\"><div class=\"qem-calendar-small\" style=\"margin:0 6px 8px 0;\"><span class=\"day\" >24<\/span><span class=\"nonday\" ><span class=\"month\"><b><em>Sep<\/em><\/b><\/span><span class=\"year\">2021<\/span><\/span><\/div><\/div><div class=\"qem-small\"><div class=\"qemlistright\">\r\n<a href=\"http:\/\/artsetculture.fr\/index.php\/event\/promenade-a-paris-a\/\"><img decoding=\"async\" class=\"qem-list-image\" src=\"http:\/\/artsetculture.fr\/wp-content\/uploads\/2021\/08\/1024px-Cloitre_de_Port-Royal_Paris_Cochin.jpg\"><\/a><br>\r\n<\/div>\r\n<h2 class=\"qem_title\"><a href=\"http:\/\/artsetculture.fr\/index.php\/event\/promenade-a-paris-a\/\">de Montsouris \u00e0 Port-Royal-A<\/a><\/h2><p class=\"desc\" style=\"font-weight: bold; font-style: italic; font-size: 100%; \" >Un grand quartier charg\u00e9 d'histoire<\/p><p class=\"location\" style=\"font-weight: bold; font-style: italic; color: #dd3333; font-size: 90%; \" >Groupe A<\/p><p class=\"organisation\" style=\"font-weight: bold; color: #021ed6; font-size: 100%; \" >Patrick Hemmler<\/p><div style=\"clear:both\"><\/div><\/div><\/div>\r\n<div class=\"qem \"><div class=\"qem-icon\"><div class=\"qem-calendar-small\" style=\"margin:0 6px 8px 0;\"><span class=\"day\" >28<\/span><span class=\"nonday\" ><span class=\"month\"><b><em>Sep<\/em><\/b><\/span><span class=\"year\">2021<\/span><\/span><\/div><\/div><div class=\"qem-small\"><div class=\"qemlistright\">\r\n<a href=\"http:\/\/artsetculture.fr\/index.php\/event\/de-montsouris-a-port-royal-b\/\"><img decoding=\"async\" class=\"qem-list-image\" src=\"http:\/\/artsetculture.fr\/wp-content\/uploads\/2021\/08\/1024px-Cloitre_de_Port-Royal_Paris_Cochin.jpg\"><\/a><br>\r\n<\/div>\r\n<h2 class=\"qem_title\"><a href=\"http:\/\/artsetculture.fr\/index.php\/event\/de-montsouris-a-port-royal-b\/\">De Montsouris \u00e0 Port-Royal-B<\/a><\/h2><p class=\"desc\" style=\"font-weight: bold; font-style: italic; font-size: 100%; \" >Un grand quartier charg\u00e9 d'Histoire<\/p><p class=\"location\" style=\"font-weight: bold; font-style: italic; color: #dd3333; font-size: 90%; \" >Groupe B<\/p><p class=\"organisation\" style=\"font-weight: bold; color: #021ed6; font-size: 100%; \" >Patrick Hemmler<\/p><div style=\"clear:both\"><\/div><\/div><\/div>\r\n\n<h2><\/h2>\n<h2>octobre 2021<\/h2><div class=\"qem \"><div class=\"qem-icon\"><div class=\"qem-calendar-small\" style=\"margin:0 6px 8px 0;\"><span class=\"day\" >27<\/span><span class=\"nonday\" ><span class=\"month\"><b><em>Oct<\/em><\/b><\/span><span class=\"year\">2021<\/span><\/span><\/div><\/div><div class=\"qem-small\"><div class=\"qemlistright\">\r\n<a href=\"http:\/\/artsetculture.fr\/index.php\/event\/la-bourse-du-commerce-ab\/\"><img decoding=\"async\" class=\"qem-list-image\" src=\"http:\/\/artsetculture.fr\/wp-content\/uploads\/2021\/08\/Paris_Ier_bourse_du_commerce_colonne_medicis_CAWEB.jpg\"><\/a><br>\r\n<\/div>\r\n<h2 class=\"qem_title\"><a href=\"http:\/\/artsetculture.fr\/index.php\/event\/la-bourse-du-commerce-ab\/\">La Bourse du Commerce-AB<\/a><\/h2><p class=\"desc\" style=\"font-weight: bold; font-style: italic; font-size: 100%; \" >Le nouveau mus\u00e9e de Fran\u00e7ois Pinault<\/p><p class=\"location\" style=\"font-weight: bold; font-style: italic; color: #dd3333; font-size: 90%; \" >Groupes A et B<\/p><p class=\"organisation\" style=\"font-weight: bold; color: #021ed6; font-size: 100%; \" >Fran\u00e7oise Gagliano<\/p><div style=\"clear:both\"><\/div><\/div><\/div>\r\n\n<h2><\/h2>\n<h2>novembre 2021<\/h2><div class=\"qem \"><div class=\"qem-icon\"><div class=\"qem-calendar-small\" style=\"margin:0 6px 8px 0;\"><span class=\"day\" >16<\/span><span class=\"nonday\" ><span class=\"month\"><b><em>Nov<\/em><\/b><\/span><span class=\"year\">2021<\/span><\/span><\/div><\/div><div class=\"qem-small\"><div class=\"qemlistright\">\r\n<a href=\"http:\/\/artsetculture.fr\/index.php\/event\/picasso-rodin-ab\/\"><img decoding=\"async\" class=\"qem-list-image\" src=\"http:\/\/artsetculture.fr\/wp-content\/uploads\/2021\/08\/Picasso-Rodin2.jpg\"><\/a><br>\r\n<\/div>\r\n<h2 class=\"qem_title\"><a href=\"http:\/\/artsetculture.fr\/index.php\/event\/picasso-rodin-ab\/\">Picasso-Rodin -AB<\/a><\/h2><p class=\"desc\" style=\"font-weight: bold; font-style: italic; font-size: 100%; \" >Une rencontre de g\u00e9ants<\/p><p class=\"location\" style=\"font-weight: bold; font-style: italic; color: #dd3333; font-size: 90%; \" >Mus\u00e9e Rodin  <\/p><p class=\"organisation\" style=\"font-weight: bold; color: #021ed6; font-size: 100%; \" >Fran\u00e7oise Gagliano<\/p><div style=\"clear:both\"><\/div><\/div><\/div>\r\n\n<h2><\/h2>\n<h2>d\u00e9cembre 2021<\/h2><div class=\"qem \"><div class=\"qem-icon\"><div class=\"qem-calendar-small\" style=\"margin:0 6px 8px 0;\"><span class=\"day\" >06<\/span><span class=\"nonday\" ><span class=\"month\"><b><em>D\u00e9c<\/em><\/b><\/span><span class=\"year\">2021<\/span><\/span><\/div><\/div><div class=\"qem-small\"><div class=\"qemlistright\">\r\n<a href=\"http:\/\/artsetculture.fr\/index.php\/event\/exposition-georg-baselitz-ab\/\"><img decoding=\"async\" class=\"qem-list-image\" src=\"http:\/\/artsetculture.fr\/wp-content\/uploads\/2021\/09\/7xb49oqs1ne-e1513684951585.jpg\"><\/a><br>\r\n<\/div>\r\n<h2 class=\"qem_title\"><a href=\"http:\/\/artsetculture.fr\/index.php\/event\/exposition-georg-baselitz-ab\/\">Exposition Georg Baselitz -AB<\/a><\/h2><p class=\"desc\" style=\"font-weight: bold; font-style: italic; font-size: 100%; \" >La r\u00e9trospective<\/p><p class=\"location\" style=\"font-weight: bold; font-style: italic; color: #dd3333; font-size: 90%; \" >Centre George Pompidou<\/p><p class=\"organisation\" style=\"font-weight: bold; color: #021ed6; font-size: 100%; \" >Fran\u00e7oise Gagliano<\/p><div style=\"clear:both\"><\/div><\/div><\/div>\r\n\n<h2><\/h2>\n<h2>janvier 2022<\/h2><div class=\"qem \"><div class=\"qem-icon\"><div class=\"qem-calendar-small\" style=\"margin:0 6px 8px 0;\"><span class=\"day\" >25<\/span><span class=\"nonday\" ><span class=\"month\"><b><em>Jan<\/em><\/b><\/span><span class=\"year\">2022<\/span><\/span><\/div><\/div><div class=\"qem-small\"><div class=\"qemlistright\">\r\n<a href=\"http:\/\/artsetculture.fr\/index.php\/event\/musee-de-la-chasse-et-de-la-nature-ab\/\"><img decoding=\"async\" class=\"qem-list-image\" src=\"http:\/\/artsetculture.fr\/wp-content\/uploads\/2021\/12\/Chasse-et-nature-1.jpg\"><\/a><br>\r\n<\/div>\r\n<h2 class=\"qem_title\"><a href=\"http:\/\/artsetculture.fr\/index.php\/event\/musee-de-la-chasse-et-de-la-nature-ab\/\">Mus\u00e9e de la chasse et de la nature -AB<\/a><\/h2><p class=\"desc\" style=\"font-weight: bold; font-style: italic; font-size: 100%; \" >Mus\u00e9e habit\u00e9, demeure de collectionneur esth\u00e8te<\/p><p class=\"location\" style=\"font-weight: bold; font-style: italic; color: #dd3333; font-size: 90%; \" >62 rue des archives 75003 Paris<\/p><p class=\"organisation\" style=\"font-weight: bold; color: #021ed6; font-size: 100%; \" >Fran\u00e7oise Gagliano<\/p><div style=\"clear:both\"><\/div><\/div><\/div>\r\n\n<h2><\/h2>\n<h2><\/h2>\n<h2><\/h2>\n<h2>mars 2022<\/h2><div class=\"qem \"><div class=\"qem-icon\"><div class=\"qem-calendar-small\" style=\"margin:0 6px 8px 0;\"><span class=\"day\" >09<\/span><span class=\"nonday\" ><span class=\"month\"><b><em>Mar<\/em><\/b><\/span><span class=\"year\">2022<\/span><\/span><\/div><\/div><div class=\"qem-small\"><div class=\"qemlistright\">\r\n<a href=\"http:\/\/artsetculture.fr\/index.php\/event\/musee-de-la-chasse-et-de-la-nature-ab-2\/\"><img decoding=\"async\" class=\"qem-list-image\" src=\"http:\/\/artsetculture.fr\/wp-content\/uploads\/2021\/12\/Julie_Manet_with_a_cat_-_Renoir-CAWEB.jpg\"><\/a><br>\r\n<\/div>\r\n<h2 class=\"qem_title\"><a href=\"http:\/\/artsetculture.fr\/index.php\/event\/musee-de-la-chasse-et-de-la-nature-ab-2\/\">Julie Manet -AB<\/a><\/h2><p class=\"desc\" style=\"font-weight: bold; font-style: italic; font-size: 100%; \" >La m\u00e9moire impressionniste<\/p><p class=\"location\" style=\"font-weight: bold; font-style: italic; color: #dd3333; font-size: 90%; \" >Mus\u00e9e Marmottan<\/p><p class=\"organisation\" style=\"font-weight: bold; color: #021ed6; font-size: 100%; \" >Fran\u00e7oise Gagliano<\/p><div style=\"clear:both\"><\/div><\/div><\/div>\r\n\n<h2><\/h2>\n<h2>avril 2022<\/h2><div class=\"qem \"><div class=\"qem-icon\"><div class=\"qem-calendar-small\" style=\"margin:0 6px 8px 0;\"><span class=\"day\" >05<\/span><span class=\"nonday\" ><span class=\"month\"><b><em>Avr<\/em><\/b><\/span><span class=\"year\">2022<\/span><\/span><\/div><\/div><div class=\"qem-small\"><div class=\"qemlistright\">\r\n<a href=\"http:\/\/artsetculture.fr\/index.php\/event\/musee-de-la-chasse-et-de-la-nature-ab-2-2\/\"><img decoding=\"async\" class=\"qem-list-image\" src=\"http:\/\/artsetculture.fr\/wp-content\/uploads\/2021\/12\/Pionni\u00e8res.jpg\"><\/a><br>\r\n<\/div>\r\n<h2 class=\"qem_title\"><a href=\"http:\/\/artsetculture.fr\/index.php\/event\/musee-de-la-chasse-et-de-la-nature-ab-2-2\/\">Pionni\u00e8res-Artistes -AB<\/a><\/h2><p class=\"desc\" style=\"font-weight: bold; font-style: italic; font-size: 100%; \" >Artistes dans le Paris des ann\u00e9es folles...<\/p><p class=\"location\" style=\"font-weight: bold; font-style: italic; color: #dd3333; font-size: 90%; \" >Mus\u00e9e du Luxembourg<\/p><p class=\"organisation\" style=\"font-weight: bold; color: #021ed6; font-size: 100%; \" >Fran\u00e7oise Gagliano<\/p><div style=\"clear:both\"><\/div><\/div><\/div>\r\n<div class=\"qem \"><div class=\"qem-icon\"><div class=\"qem-calendar-small\" style=\"margin:0 6px 8px 0;\"><span class=\"day\" >15<\/span><span class=\"nonday\" ><span class=\"month\"><b><em>Avr<\/em><\/b><\/span><span class=\"year\">2022<\/span><\/span><\/div><\/div><div class=\"qem-small\"><div class=\"qemlistright\">\r\n<a href=\"http:\/\/artsetculture.fr\/index.php\/event\/boulogne-des-annees-30-b\/\"><img decoding=\"async\" class=\"qem-list-image\" src=\"http:\/\/artsetculture.fr\/wp-content\/uploads\/2022\/03\/11-LE-CORBUSIER-1924-2-1.jpg\"><\/a><br>\r\n<\/div>\r\n<h2 class=\"qem_title\"><a href=\"http:\/\/artsetculture.fr\/index.php\/event\/boulogne-des-annees-30-b\/\">Boulogne des ann\u00e9es 30 -A<\/a><\/h2><p class=\"desc\" style=\"font-weight: bold; font-style: italic; font-size: 100%; \" >Boulogne - Laboratoire des arts d\u00e9coratifs<\/p><p class=\"location\" style=\"font-weight: bold; font-style: italic; color: #dd3333; font-size: 90%; \" >Groupe A<\/p><p class=\"organisation\" style=\"font-weight: bold; color: #021ed6; font-size: 100%; \" >Patrick Hemmler<\/p><div style=\"clear:both\"><\/div><\/div><\/div>\r\n<div class=\"qem \"><div class=\"qem-icon\"><div class=\"qem-calendar-small\" style=\"margin:0 6px 8px 0;\"><span class=\"day\" >22<\/span><span class=\"nonday\" ><span class=\"month\"><b><em>Avr<\/em><\/b><\/span><span class=\"year\">2022<\/span><\/span><\/div><\/div><div class=\"qem-small\"><div class=\"qemlistright\">\r\n<a href=\"http:\/\/artsetculture.fr\/index.php\/event\/boulogne-des-annees-30-b-2\/\"><img decoding=\"async\" class=\"qem-list-image\" src=\"http:\/\/artsetculture.fr\/wp-content\/uploads\/2022\/03\/11-LE-CORBUSIER-1924-2-1.jpg\"><\/a><br>\r\n<\/div>\r\n<h2 class=\"qem_title\"><a href=\"http:\/\/artsetculture.fr\/index.php\/event\/boulogne-des-annees-30-b-2\/\">Boulogne des ann\u00e9es 30 -B<\/a><\/h2><p class=\"desc\" style=\"font-weight: bold; font-style: italic; font-size: 100%; \" >Boulogne - Laboratoire des arts d\u00e9coratifs<\/p><p class=\"location\" style=\"font-weight: bold; font-style: italic; color: #dd3333; font-size: 90%; \" >Groupe B<\/p><p class=\"organisation\" style=\"font-weight: bold; color: #021ed6; font-size: 100%; \" >Patrick Hemmler<\/p><div style=\"clear:both\"><\/div><\/div><\/div>\r\n\n<h2><\/h2>\n<h2>mai 2022<\/h2><div class=\"qem \"><div class=\"qem-icon\"><div class=\"qem-calendar-small\" style=\"margin:0 6px 8px 0;\"><span class=\"day\" >11<\/span><span class=\"nonday\" ><span class=\"month\"><b><em>Mai<\/em><\/b><\/span><span class=\"year\">2022<\/span><\/span><\/div><\/div><div class=\"qem-small\"><div class=\"qemlistright\">\r\n<a href=\"http:\/\/artsetculture.fr\/index.php\/event\/musee-de-la-chasse-et-de-la-nature-ab-2-3\/\"><img decoding=\"async\" class=\"qem-list-image\" src=\"http:\/\/artsetculture.fr\/wp-content\/uploads\/2022\/03\/Gaudi-Sagrada-familia-DOC.jpg\"><\/a><br>\r\n<\/div>\r\n<h2 class=\"qem_title\"><a href=\"http:\/\/artsetculture.fr\/index.php\/event\/musee-de-la-chasse-et-de-la-nature-ab-2-3\/\">Gaudi -AB<\/a><\/h2><p class=\"desc\" style=\"font-weight: bold; font-style: italic; font-size: 100%; \" >Un g\u00e9nie fantasque<\/p><p class=\"location\" style=\"font-weight: bold; font-style: italic; color: #dd3333; font-size: 90%; \" >Mus\u00e9e d'Orsay<\/p><p class=\"organisation\" style=\"font-weight: bold; color: #021ed6; font-size: 100%; \" >Fran\u00e7oise Gagliano<\/p><div style=\"clear:both\"><\/div><\/div><\/div>\r\n\n<h2><\/h2>\n<h2><\/h2>\n<h2><\/h2>\n<p><strong><em>\u00a0 \u00a0 \u00a0 \u00a0 \u00a0 \u00a0 \u00a0 \u00a0 \u00a0<a href=\"https:\/\/artsetculture.fr\/index.php\/historique\/programme-2019-2020\/visites-expos-2020-2021\/\">Conf\u00e9rences 2020-2021<\/a> \u00a0 \u00a0 \u00a0 \u00a0 \u00a0 \u00a0 \u00a0 \u00a0\u00a0<a href=\"http:\/\/artsetculture.fr\/index.php\/activites\/visites\/\">Visites ann\u00e9e en cours<\/a>\u00a0 \u00a0 \u00a0<\/em><\/strong><\/p>\n<p><strong><em>\u00a0 \u00a0 \u00a0 \u00a0 \u00a0 \u00a0 \u00a0 \u00a0 \u00a0 \u00a0 \u00a0 \u00a0 \u00a0 \u00a0 \u00a0 \u00a0 \u00a0 \u00a0 \u00a0 \u00a0 \u00a0 \u00a0 \u00a0 \u00a0 \u00a0 \u00a0 \u00a0 \u00a0 \u00a0 \u00a0\u00a0<a href=\"http:\/\/artsetculture.fr\/index.php\/infos-pratiques-2\/conditions\/\">Infos pratiques<\/a>\u00a0<\/em><\/strong><\/p>\n<h4><strong><span style=\"color: #ffffff;\">_ \u00a0 \u00a0 \u00a0 \u00a0 \u00a0_<\/span><a href=\"http:\/\/artsetculture.fr\/index.php\/historique\/saison-2019-2020\/visites-expos-2019-2020\/\">____________________________________________\u00a0\u21d1<\/a><\/strong><\/h4>\n","protected":false},"excerpt":{"rendered":"<p>\u00a0 \u00a0 \u00a0 \u00a0 \u00a0 \u00a0 \u00a0 \u00a0 \u00a0Conf\u00e9rences 2020-2021 \u00a0 \u00a0 \u00a0 \u00a0 \u00a0 \u00a0 \u00a0 \u00a0\u00a0Visites ann\u00e9e en cours\u00a0 \u00a0 \u00a0 \u00a0 \u00a0 \u00a0 \u00a0 \u00a0 \u00a0 \u00a0 \u00a0 \u00a0 \u00a0 \u00a0 \u00a0 \u00a0 \u00a0 \u00a0 \u00a0 \u00a0 \u00a0 \u00a0 \u00a0 \u00a0 \u00a0 \u00a0 \u00a0 \u00a0 \u00a0 \u00a0 \u00a0 \u00a0 \u00a0\u00a0Infos pratiques\u00a0 _ &hellip; <a href=\"http:\/\/artsetculture.fr\/index.php\/event\/brancusi-2-3-3-3-2\/\" class=\"more-link\">Continuer la lecture de <span class=\"screen-reader-text\">MATISSE<\/span>  <span class=\"meta-nav\">&rarr;<\/span><\/a><\/p>\n","protected":false},"author":111,"featured_media":0,"parent":12501,"menu_order":2,"comment_status":"closed","ping_status":"closed","template":"","meta":{"footnotes":""},"class_list":["post-12510","page","type-page","status-publish","hentry"],"_links":{"self":[{"href":"http:\/\/artsetculture.fr\/index.php\/wp-json\/wp\/v2\/pages\/12510","targetHints":{"allow":["GET"]}}],"collection":[{"href":"http:\/\/artsetculture.fr\/index.php\/wp-json\/wp\/v2\/pages"}],"about":[{"href":"http:\/\/artsetculture.fr\/index.php\/wp-json\/wp\/v2\/types\/page"}],"author":[{"embeddable":true,"href":"http:\/\/artsetculture.fr\/index.php\/wp-json\/wp\/v2\/users\/111"}],"replies":[{"embeddable":true,"href":"http:\/\/artsetculture.fr\/index.php\/wp-json\/wp\/v2\/comments?post=12510"}],"version-history":[{"count":1,"href":"http:\/\/artsetculture.fr\/index.php\/wp-json\/wp\/v2\/pages\/12510\/revisions"}],"predecessor-version":[{"id":12511,"href":"http:\/\/artsetculture.fr\/index.php\/wp-json\/wp\/v2\/pages\/12510\/revisions\/12511"}],"up":[{"embeddable":true,"href":"http:\/\/artsetculture.fr\/index.php\/wp-json\/wp\/v2\/pages\/12501"}],"wp:attachment":[{"href":"http:\/\/artsetculture.fr\/index.php\/wp-json\/wp\/v2\/media?parent=12510"}],"curies":[{"name":"wp","href":"https:\/\/api.w.org\/{rel}","templated":true}]}}