{"id":6365,"date":"2017-05-08T14:28:49","date_gmt":"2017-05-08T13:28:49","guid":{"rendered":"http:\/\/artsetculture.fr\/?post_type=event&#038;p=6365"},"modified":"2017-11-19T13:09:34","modified_gmt":"2017-11-19T12:09:34","slug":"poils4","status":"publish","type":"event","link":"http:\/\/artsetculture.fr\/index.php\/event\/poils4\/","title":{"rendered":"Merci d&rsquo;\u00eatre velu !   Une histoire du poil _ 5"},"content":{"rendered":"<p style=\"text-align: justify;\">\u00a0<\/p>\n<p style=\"text-align: justify;\">\u00a0<\/p>\n<p style=\"text-align: justify;\">Quand le poil est vulgaire, reste la calvitie. Certaines religions ou peuples mirent en avant les bienfaits et l\u2019\u00e9l\u00e9gance des chauves ou des tonsur\u00e9s. D\u2019autres se d\u00e9sesp\u00e9r\u00e8rent de cette chute r\u00e9guli\u00e8re. <img loading=\"lazy\" decoding=\"async\" class=\" wp-image-6374 alignleft\" src=\"http:\/\/artsetculture.fr\/wp-content\/uploads\/2017\/05\/Mpropre.jpg\" alt=\"Mpropre\" width=\"147\" height=\"155\" \/>Le poil se vit parfois chass\u00e9 pour des raisons d\u2019hygi\u00e8ne ou de vulgarit\u00e9, ne le rendant que plus \u00e9vident dans son absence. Et la chasse aux poils se poursuivit alors en des endroits plus secrets, plus intimes&#8230;<\/p>\n<p style=\"text-align: justify;\">\u00a0<\/p>\n<p style=\"text-align: justify;\"><span style=\"color: #ffffff;\">______________________________________________<\/span><\/p>\n","protected":false},"excerpt":{"rendered":"<p>\u00a0 \u00a0 Quand le poil est vulgaire, reste la calvitie. Certaines religions ou peuples mirent en avant les bienfaits et l\u2019\u00e9l\u00e9gance des chauves ou des tonsur\u00e9s. D\u2019autres se d\u00e9sesp\u00e9r\u00e8rent de cette chute r\u00e9guli\u00e8re. Le poil se vit parfois chass\u00e9 pour des raisons d\u2019hygi\u00e8ne ou de vulgarit\u00e9, ne le rendant que plus \u00e9vident dans son absence. &hellip; <a href=\"http:\/\/artsetculture.fr\/index.php\/event\/poils4\/\" class=\"more-link\">Continuer la lecture de <span class=\"screen-reader-text\">Merci d&rsquo;\u00eatre velu !   Une histoire du poil _ 5<\/span>  <span class=\"meta-nav\">&rarr;<\/span><\/a><\/p>\n","protected":false},"author":1,"featured_media":0,"comment_status":"closed","ping_status":"closed","template":"","categories":[10],"tags":[],"class_list":["post-6365","event","type-event","status-publish","hentry","category-conferences"],"_links":{"self":[{"href":"http:\/\/artsetculture.fr\/index.php\/wp-json\/wp\/v2\/event\/6365","targetHints":{"allow":["GET"]}}],"collection":[{"href":"http:\/\/artsetculture.fr\/index.php\/wp-json\/wp\/v2\/event"}],"about":[{"href":"http:\/\/artsetculture.fr\/index.php\/wp-json\/wp\/v2\/types\/event"}],"author":[{"embeddable":true,"href":"http:\/\/artsetculture.fr\/index.php\/wp-json\/wp\/v2\/users\/1"}],"replies":[{"embeddable":true,"href":"http:\/\/artsetculture.fr\/index.php\/wp-json\/wp\/v2\/comments?post=6365"}],"version-history":[{"count":1,"href":"http:\/\/artsetculture.fr\/index.php\/wp-json\/wp\/v2\/event\/6365\/revisions"}],"predecessor-version":[{"id":6371,"href":"http:\/\/artsetculture.fr\/index.php\/wp-json\/wp\/v2\/event\/6365\/revisions\/6371"}],"wp:attachment":[{"href":"http:\/\/artsetculture.fr\/index.php\/wp-json\/wp\/v2\/media?parent=6365"}],"wp:term":[{"taxonomy":"category","embeddable":true,"href":"http:\/\/artsetculture.fr\/index.php\/wp-json\/wp\/v2\/categories?post=6365"},{"taxonomy":"post_tag","embeddable":true,"href":"http:\/\/artsetculture.fr\/index.php\/wp-json\/wp\/v2\/tags?post=6365"}],"curies":[{"name":"wp","href":"https:\/\/api.w.org\/{rel}","templated":true}]}}

Merci d&rsquo;être velu !   Une histoire du poil _ 5

<p style="text-align: justify;"> </p>
<p style="text-align: justify;"> </p>
<p style="text-align: justify;">Quand le poil est vulgaire, reste la calvitie. Certaines religions ou peuples mirent en avant les bienfaits et l’élégance des chauves ou des tonsurés. D’autres se désespérèrent de cette chute régulière. <img loading="lazy" decoding="async" class=" wp-image-6374 alignleft" src="http://artsetculture.fr/wp-content/uploads/2017/05/Mpropre.jpg" alt="Mpropre" width="147" height="155" />Le poil se vit parfois chassé pour des raisons d’hygiène ou de vulgarité, ne le rendant que plus évident dans son absence. Et la chasse aux poils se poursuivit alors en des endroits plus secrets, plus intimes&#8230;</p>
<p style="text-align: justify;"> </p>
<p style="text-align: justify;"><span style="color: #ffffff;">______________________________________________</span></p>

<p>    Quand le poil est vulgaire, reste la calvitie. Certaines religions ou peuples mirent en avant les bienfaits et l’élégance des chauves ou des tonsurés. D’autres se désespérèrent de cette chute régulière. Le poil se vit parfois chassé pour des raisons d’hygiène ou de vulgarité, ne le rendant que plus évident dans son absence. &hellip; <a href="http://artsetculture.fr/index.php/event/poils4/" class="more-link">Continuer la lecture de <span class="screen-reader-text">Merci d&rsquo;être velu !   Une histoire du poil _ 5</span>  <span class="meta-nav">&rarr;</span></a></p>
