{"id":6359,"date":"2017-05-06T12:42:12","date_gmt":"2017-05-06T11:42:12","guid":{"rendered":"http:\/\/artsetculture.fr\/?post_type=event&#038;p=6359"},"modified":"2017-08-19T17:18:21","modified_gmt":"2017-08-19T16:18:21","slug":"poils2","status":"publish","type":"event","link":"http:\/\/artsetculture.fr\/index.php\/event\/poils2\/","title":{"rendered":"Merci d&rsquo;\u00eatre velu !         Une histoire du poil  _ 2"},"content":{"rendered":"<p style=\"text-align: justify;\">\u00a0<\/p>\n<p style=\"text-align: justify;\">\u00a0<\/p>\n<p style=\"text-align: justify;\">Charlemagne avait-il la barbe fleurie ? Qu\u2019avaient en commun Barberousse, Barbe noire et Barbe-bleue ? Pourquoi Pierre le Grand la taxa-t-il ? De la barbe des philosophes grecs \u00e0 celle des ministres de la IIIe r\u00e9publique, du bouc \u00e0 la barbiche, de la barbe longue \u00e0 celle de 3 jours, un d\u00e9cryptage du plus important signe de virilit\u00e9 de l\u2019histoire \u2026 ou de barbarie.<\/p>\n<p style=\"text-align: justify;\"><span style=\"color: #ffffff;\">______________________________________________<\/span><\/p>\n","protected":false},"excerpt":{"rendered":"<p>\u00a0 \u00a0 Charlemagne avait-il la barbe fleurie ? Qu\u2019avaient en commun Barberousse, Barbe noire et Barbe-bleue ? Pourquoi Pierre le Grand la taxa-t-il ? De la barbe des philosophes grecs \u00e0 celle des ministres de la IIIe r\u00e9publique, du bouc \u00e0 la barbiche, de la barbe longue \u00e0 celle de 3 jours, un d\u00e9cryptage du &hellip; <a href=\"http:\/\/artsetculture.fr\/index.php\/event\/poils2\/\" class=\"more-link\">Continuer la lecture de <span class=\"screen-reader-text\">Merci d&rsquo;\u00eatre velu !         Une histoire du poil  _ 2<\/span>  <span class=\"meta-nav\">&rarr;<\/span><\/a><\/p>\n","protected":false},"author":1,"featured_media":0,"comment_status":"closed","ping_status":"closed","template":"","categories":[10],"tags":[],"class_list":["post-6359","event","type-event","status-publish","hentry","category-conferences"],"_links":{"self":[{"href":"http:\/\/artsetculture.fr\/index.php\/wp-json\/wp\/v2\/event\/6359","targetHints":{"allow":["GET"]}}],"collection":[{"href":"http:\/\/artsetculture.fr\/index.php\/wp-json\/wp\/v2\/event"}],"about":[{"href":"http:\/\/artsetculture.fr\/index.php\/wp-json\/wp\/v2\/types\/event"}],"author":[{"embeddable":true,"href":"http:\/\/artsetculture.fr\/index.php\/wp-json\/wp\/v2\/users\/1"}],"replies":[{"embeddable":true,"href":"http:\/\/artsetculture.fr\/index.php\/wp-json\/wp\/v2\/comments?post=6359"}],"version-history":[{"count":1,"href":"http:\/\/artsetculture.fr\/index.php\/wp-json\/wp\/v2\/event\/6359\/revisions"}],"predecessor-version":[{"id":6369,"href":"http:\/\/artsetculture.fr\/index.php\/wp-json\/wp\/v2\/event\/6359\/revisions\/6369"}],"wp:attachment":[{"href":"http:\/\/artsetculture.fr\/index.php\/wp-json\/wp\/v2\/media?parent=6359"}],"wp:term":[{"taxonomy":"category","embeddable":true,"href":"http:\/\/artsetculture.fr\/index.php\/wp-json\/wp\/v2\/categories?post=6359"},{"taxonomy":"post_tag","embeddable":true,"href":"http:\/\/artsetculture.fr\/index.php\/wp-json\/wp\/v2\/tags?post=6359"}],"curies":[{"name":"wp","href":"https:\/\/api.w.org\/{rel}","templated":true}]}}

Merci d&rsquo;être velu !         Une histoire du poil  _ 2

<p style="text-align: justify;"> </p>
<p style="text-align: justify;"> </p>
<p style="text-align: justify;">Charlemagne avait-il la barbe fleurie ? Qu’avaient en commun Barberousse, Barbe noire et Barbe-bleue ? Pourquoi Pierre le Grand la taxa-t-il ? De la barbe des philosophes grecs à celle des ministres de la IIIe république, du bouc à la barbiche, de la barbe longue à celle de 3 jours, un décryptage du plus important signe de virilité de l’histoire … ou de barbarie.</p>
<p style="text-align: justify;"><span style="color: #ffffff;">______________________________________________</span></p>

<p>    Charlemagne avait-il la barbe fleurie ? Qu’avaient en commun Barberousse, Barbe noire et Barbe-bleue ? Pourquoi Pierre le Grand la taxa-t-il ? De la barbe des philosophes grecs à celle des ministres de la IIIe république, du bouc à la barbiche, de la barbe longue à celle de 3 jours, un décryptage du &hellip; <a href="http://artsetculture.fr/index.php/event/poils2/" class="more-link">Continuer la lecture de <span class="screen-reader-text">Merci d&rsquo;être velu !         Une histoire du poil  _ 2</span>  <span class="meta-nav">&rarr;</span></a></p>
