{"id":2534,"date":"2016-05-11T10:05:19","date_gmt":"2016-05-11T09:05:19","guid":{"rendered":"http:\/\/artsetculture.fr\/?post_type=event&#038;p=2534"},"modified":"2017-08-19T16:58:41","modified_gmt":"2017-08-19T15:58:41","slug":"eglise-orthodoxe","status":"publish","type":"event","link":"http:\/\/artsetculture.fr\/index.php\/event\/eglise-orthodoxe\/","title":{"rendered":"La Russie contemporaine_4"},"content":{"rendered":"<p style=\"text-align: justify;\">\u00a0<\/p>\n<p style=\"text-align: justify;\">La fin du communisme a laiss\u00e9 un grand vide \u00ab\u00a0spirituel\u00a0\u00bb dont a profit\u00e9 l\u2019Eglise orthodoxe russe avec le soutien du pouvoir. Ainsi retrouve-t-on cette proximit\u00e9 entre l\u2019Eglise et le pouvoir qui a caract\u00e9ris\u00e9 l\u2019\u00e9poque tsariste. Cette proximit\u00e9 engendre des tensions inh\u00e9rentes \u00e0 l\u2019opposition entre pouvoir \/ soumission et spiritualit\u00e9 \/ ind\u00e9pendance d\u2019esprit. Comment l\u2019Eglise Orthodoxe russe g\u00e8re-t-elle ces tensions\u00a0?<\/p>\n","protected":false},"excerpt":{"rendered":"<p>\u00a0 La fin du communisme a laiss\u00e9 un grand vide \u00ab\u00a0spirituel\u00a0\u00bb dont a profit\u00e9 l\u2019Eglise orthodoxe russe avec le soutien du pouvoir. Ainsi retrouve-t-on cette proximit\u00e9 entre l\u2019Eglise et le pouvoir qui a caract\u00e9ris\u00e9 l\u2019\u00e9poque tsariste. Cette proximit\u00e9 engendre des tensions inh\u00e9rentes \u00e0 l\u2019opposition entre pouvoir \/ soumission et spiritualit\u00e9 \/ ind\u00e9pendance d\u2019esprit. Comment l\u2019Eglise &hellip; <a href=\"http:\/\/artsetculture.fr\/index.php\/event\/eglise-orthodoxe\/\" class=\"more-link\">Continuer la lecture de <span class=\"screen-reader-text\">La Russie contemporaine_4<\/span>  <span class=\"meta-nav\">&rarr;<\/span><\/a><\/p>\n","protected":false},"author":8,"featured_media":0,"comment_status":"closed","ping_status":"closed","template":"","categories":[10],"tags":[],"class_list":["post-2534","event","type-event","status-publish","hentry","category-conferences"],"_links":{"self":[{"href":"http:\/\/artsetculture.fr\/index.php\/wp-json\/wp\/v2\/event\/2534","targetHints":{"allow":["GET"]}}],"collection":[{"href":"http:\/\/artsetculture.fr\/index.php\/wp-json\/wp\/v2\/event"}],"about":[{"href":"http:\/\/artsetculture.fr\/index.php\/wp-json\/wp\/v2\/types\/event"}],"author":[{"embeddable":true,"href":"http:\/\/artsetculture.fr\/index.php\/wp-json\/wp\/v2\/users\/8"}],"replies":[{"embeddable":true,"href":"http:\/\/artsetculture.fr\/index.php\/wp-json\/wp\/v2\/comments?post=2534"}],"version-history":[{"count":1,"href":"http:\/\/artsetculture.fr\/index.php\/wp-json\/wp\/v2\/event\/2534\/revisions"}],"predecessor-version":[{"id":2541,"href":"http:\/\/artsetculture.fr\/index.php\/wp-json\/wp\/v2\/event\/2534\/revisions\/2541"}],"wp:attachment":[{"href":"http:\/\/artsetculture.fr\/index.php\/wp-json\/wp\/v2\/media?parent=2534"}],"wp:term":[{"taxonomy":"category","embeddable":true,"href":"http:\/\/artsetculture.fr\/index.php\/wp-json\/wp\/v2\/categories?post=2534"},{"taxonomy":"post_tag","embeddable":true,"href":"http:\/\/artsetculture.fr\/index.php\/wp-json\/wp\/v2\/tags?post=2534"}],"curies":[{"name":"wp","href":"https:\/\/api.w.org\/{rel}","templated":true}]}}

<p style="text-align: justify;"> </p>
<p style="text-align: justify;">La fin du communisme a laissé un grand vide « spirituel » dont a profité l’Eglise orthodoxe russe avec le soutien du pouvoir. Ainsi retrouve-t-on cette proximité entre l’Eglise et le pouvoir qui a caractérisé l’époque tsariste. Cette proximité engendre des tensions inhérentes à l’opposition entre pouvoir / soumission et spiritualité / indépendance d’esprit. Comment l’Eglise Orthodoxe russe gère-t-elle ces tensions ?</p>

<p>  La fin du communisme a laissé un grand vide « spirituel » dont a profité l’Eglise orthodoxe russe avec le soutien du pouvoir. Ainsi retrouve-t-on cette proximité entre l’Eglise et le pouvoir qui a caractérisé l’époque tsariste. Cette proximité engendre des tensions inhérentes à l’opposition entre pouvoir / soumission et spiritualité / indépendance d’esprit. Comment l’Eglise &hellip; <a href="http://artsetculture.fr/index.php/event/eglise-orthodoxe/" class="more-link">Continuer la lecture de <span class="screen-reader-text">La Russie contemporaine_4</span>  <span class="meta-nav">&rarr;</span></a></p>
