{"id":13762,"date":"2025-12-15T11:52:20","date_gmt":"2025-12-15T10:52:20","guid":{"rendered":"https:\/\/artsetculture.fr\/?post_type=event&#038;p=13762"},"modified":"2025-12-15T11:52:20","modified_gmt":"2025-12-15T10:52:20","slug":"brancusi-2-3-3-2-4","status":"publish","type":"event","link":"http:\/\/artsetculture.fr\/index.php\/event\/brancusi-2-3-3-2-4\/","title":{"rendered":"MAGDALENA ABAKANOWICZ, la trame de l&rsquo;existence"},"content":{"rendered":"<p style=\"text-align: center;\"><strong><span style=\"color: #ff0000;\">MARDI 20 JANVIER 2026 &#8211; D\u00e9part \u00e0 8 h 15<br \/><\/span><\/strong><span style=\"color: #ff0000;\"><b>Limit\u00e9e \u00e0 20 personnes<\/b><\/span><\/p>\n<p><strong><span style=\"color: #ff0000;\">Pour ceux qui nous rejoignent sur place : groupe\u00a0<\/span><\/strong><strong><span style=\"color: #ff0000;\">B : 10 H 00 &#8211; groupe A : 12 h 00 &#8211; Mus\u00e9e Bourdelle, 18 rue Antoine Bourdelle 75015 paris- entr\u00e9e 12 \u20ac<\/span><\/strong><\/p>\n<p style=\"text-align: justify;\">Radicale et pionni\u00e8re, l\u2019\u0153uvre de Magdalena Abakanowicz (1930-2017) a \u00e9t\u00e9 r\u00e9guli\u00e8rement expos\u00e9e \u00e0 l\u2019\u00e9tranger, des Etats-Unis au Japon en passant par l\u2019Europe, et plus r\u00e9cemment \u00e0 la Tate Modern de Londres et au mus\u00e9e cantonal des Beaux-Arts de Lausanne. Le mus\u00e9e Bourdelle pr\u00e9sente la premi\u00e8re grande exposition d\u00e9di\u00e9e \u00e0 l\u2019artiste en France, offrant des cl\u00e9s de lecture biographiques et politiques \u00e0 travers un parcours chrono-th\u00e9matique de 70 ensembles, 33 installations sculpt\u00e9es, 10 \u0153uvres textiles, dessins et photographies.<\/p>\n<p><img loading=\"lazy\" decoding=\"async\" class=\"alignnone size-medium wp-image-13764\" src=\"http:\/\/artsetculture.fr\/wp-content\/uploads\/2025\/12\/Magdalena-Abakanowick.jpeg-300x169.jpg\" alt=\"\" width=\"300\" height=\"169\" srcset=\"http:\/\/artsetculture.fr\/wp-content\/uploads\/2025\/12\/Magdalena-Abakanowick.jpeg-300x169.jpg 300w, http:\/\/artsetculture.fr\/wp-content\/uploads\/2025\/12\/Magdalena-Abakanowick.jpeg-768x433.jpg 768w, http:\/\/artsetculture.fr\/wp-content\/uploads\/2025\/12\/Magdalena-Abakanowick.jpeg.jpg 997w\" sizes=\"auto, (max-width: 300px) 100vw, 300px\" \/><\/p>\n","protected":false},"excerpt":{"rendered":"<p>MARDI 20 JANVIER 2026 &#8211; D\u00e9part \u00e0 8 h 15Limit\u00e9e \u00e0 20 personnes Pour ceux qui nous rejoignent sur place : groupe\u00a0B : 10 H 00 &#8211; groupe A : 12 h 00 &#8211; Mus\u00e9e Bourdelle, 18 rue Antoine Bourdelle 75015 paris- entr\u00e9e 12 \u20ac Radicale et pionni\u00e8re, l\u2019\u0153uvre de Magdalena Abakanowicz (1930-2017) a \u00e9t\u00e9 &hellip; <a href=\"http:\/\/artsetculture.fr\/index.php\/event\/brancusi-2-3-3-2-4\/\" class=\"more-link\">Continuer la lecture de <span class=\"screen-reader-text\">MAGDALENA ABAKANOWICZ, la trame de l&rsquo;existence<\/span>  <span class=\"meta-nav\">&rarr;<\/span><\/a><\/p>\n","protected":false},"author":8,"featured_media":0,"comment_status":"closed","ping_status":"closed","template":"","categories":[36],"tags":[],"class_list":["post-13762","event","type-event","status-publish","hentry","category-visit"],"_links":{"self":[{"href":"http:\/\/artsetculture.fr\/index.php\/wp-json\/wp\/v2\/event\/13762","targetHints":{"allow":["GET"]}}],"collection":[{"href":"http:\/\/artsetculture.fr\/index.php\/wp-json\/wp\/v2\/event"}],"about":[{"href":"http:\/\/artsetculture.fr\/index.php\/wp-json\/wp\/v2\/types\/event"}],"author":[{"embeddable":true,"href":"http:\/\/artsetculture.fr\/index.php\/wp-json\/wp\/v2\/users\/8"}],"replies":[{"embeddable":true,"href":"http:\/\/artsetculture.fr\/index.php\/wp-json\/wp\/v2\/comments?post=13762"}],"version-history":[{"count":4,"href":"http:\/\/artsetculture.fr\/index.php\/wp-json\/wp\/v2\/event\/13762\/revisions"}],"predecessor-version":[{"id":13773,"href":"http:\/\/artsetculture.fr\/index.php\/wp-json\/wp\/v2\/event\/13762\/revisions\/13773"}],"wp:attachment":[{"href":"http:\/\/artsetculture.fr\/index.php\/wp-json\/wp\/v2\/media?parent=13762"}],"wp:term":[{"taxonomy":"category","embeddable":true,"href":"http:\/\/artsetculture.fr\/index.php\/wp-json\/wp\/v2\/categories?post=13762"},{"taxonomy":"post_tag","embeddable":true,"href":"http:\/\/artsetculture.fr\/index.php\/wp-json\/wp\/v2\/tags?post=13762"}],"curies":[{"name":"wp","href":"https:\/\/api.w.org\/{rel}","templated":true}]}}

<p style="text-align: center;"><strong><span style="color: #ff0000;">MARDI 20 JANVIER 2026 &#8211; Départ à 8 h 15<br /></span></strong><span style="color: #ff0000;"><b>Limitée à 20 personnes</b></span></p>
<p><strong><span style="color: #ff0000;">Pour ceux qui nous rejoignent sur place : groupe </span></strong><strong><span style="color: #ff0000;">B : 10 H 00 &#8211; groupe A : 12 h 00 &#8211; Musée Bourdelle, 18 rue Antoine Bourdelle 75015 paris- entrée 12 €</span></strong></p>
<p style="text-align: justify;">Radicale et pionnière, l’œuvre de Magdalena Abakanowicz (1930-2017) a été régulièrement exposée à l’étranger, des Etats-Unis au Japon en passant par l’Europe, et plus récemment à la Tate Modern de Londres et au musée cantonal des Beaux-Arts de Lausanne. Le musée Bourdelle présente la première grande exposition dédiée à l’artiste en France, offrant des clés de lecture biographiques et politiques à travers un parcours chrono-thématique de 70 ensembles, 33 installations sculptées, 10 œuvres textiles, dessins et photographies.</p>
<p><img loading="lazy" decoding="async" class="alignnone size-medium wp-image-13764" src="http://artsetculture.fr/wp-content/uploads/2025/12/Magdalena-Abakanowick.jpeg-300x169.jpg" alt="" width="300" height="169" srcset="http://artsetculture.fr/wp-content/uploads/2025/12/Magdalena-Abakanowick.jpeg-300x169.jpg 300w, http://artsetculture.fr/wp-content/uploads/2025/12/Magdalena-Abakanowick.jpeg-768x433.jpg 768w, http://artsetculture.fr/wp-content/uploads/2025/12/Magdalena-Abakanowick.jpeg.jpg 997w" sizes="auto, (max-width: 300px) 100vw, 300px" /></p>

<p>MARDI 20 JANVIER 2026 &#8211; Départ à 8 h 15Limitée à 20 personnes Pour ceux qui nous rejoignent sur place : groupe B : 10 H 00 &#8211; groupe A : 12 h 00 &#8211; Musée Bourdelle, 18 rue Antoine Bourdelle 75015 paris- entrée 12 € Radicale et pionnière, l’œuvre de Magdalena Abakanowicz (1930-2017) a été &hellip; <a href="http://artsetculture.fr/index.php/event/brancusi-2-3-3-2-4/" class="more-link">Continuer la lecture de <span class="screen-reader-text">MAGDALENA ABAKANOWICZ, la trame de l&rsquo;existence</span>  <span class="meta-nav">&rarr;</span></a></p>
