{"id":13751,"date":"2025-10-31T16:48:32","date_gmt":"2025-10-31T15:48:32","guid":{"rendered":"https:\/\/artsetculture.fr\/?post_type=event&#038;p=13751"},"modified":"2025-11-01T10:04:34","modified_gmt":"2025-11-01T09:04:34","slug":"brancusi-2-3-3-2-2","status":"publish","type":"event","link":"http:\/\/artsetculture.fr\/index.php\/event\/brancusi-2-3-3-2-2\/","title":{"rendered":"MUSEE DE LA FRANC-MACONNERIE"},"content":{"rendered":"<p style=\"text-align: center;\"><strong><span style=\"color: #ff0000;\">MARDI 25 NOVEMBRE 2025 &#8211; DEPART : 8 h 30<br \/><\/span><\/strong><strong><span style=\"color: #ff0000;\">Deux visites-conf\u00e9rences : 10 h 30 &#8211; <\/span><\/strong><strong><span style=\"color: #ff0000;\">14 h 00<\/span><\/strong><\/p>\n<p><strong><span style=\"color: #ff0000;\">Pour ceux qui nous rejoignent sur place : groupe\u00a0<\/span><\/strong><strong><span style=\"color: #ff0000;\">A : 10 h 15 &#8211;\u00a0 \u00a0 \u00a0 groupe B : 13 h 45 &#8211; <em>Mus\u00e9e de la Franc-Ma\u00e7onnerie 16 rue Cadet 75009 Paris \u2013 Entr\u00e9e\u00a0: 8 \u20ac<\/em><\/span><\/strong><\/p>\n<p style=\"text-align: justify;\">Cr\u00e9\u00e9 en 1889, victime de spoliations sous l\u2019occupation, r\u00e9ouvert en 1973, le mus\u00e9e a progressivement reconstitu\u00e9 ses collections. On peut y retrouver la richesse de l\u2019architecture et de l\u2019apparat des temples\u00a0: mobilier, d\u00e9cors et objets rituels ayant appartenu aux loges et aux ma\u00e7ons. Une importante collection de sceaux, bijoux, m\u00e9dailles, peintures, objets personnels sont conserv\u00e9s ainsi que des fa\u00efences \u00e0 d\u00e9cor ma\u00e7onnique du XVIII\u00e8me si\u00e8cle, de superbes \u00ab\u00a0d\u00e9cors\u00a0\u00bb brod\u00e9s ou peints et de nombreux documents in\u00e9dits.<\/p>\n","protected":false},"excerpt":{"rendered":"<p>MARDI 25 NOVEMBRE 2025 &#8211; DEPART : 8 h 30Deux visites-conf\u00e9rences : 10 h 30 &#8211; 14 h 00 Pour ceux qui nous rejoignent sur place : groupe\u00a0A : 10 h 15 &#8211;\u00a0 \u00a0 \u00a0 groupe B : 13 h 45 &#8211; Mus\u00e9e de la Franc-Ma\u00e7onnerie 16 rue Cadet 75009 Paris \u2013 Entr\u00e9e\u00a0: 8 \u20ac &hellip; <a href=\"http:\/\/artsetculture.fr\/index.php\/event\/brancusi-2-3-3-2-2\/\" class=\"more-link\">Continuer la lecture de <span class=\"screen-reader-text\">MUSEE DE LA FRANC-MACONNERIE<\/span>  <span class=\"meta-nav\">&rarr;<\/span><\/a><\/p>\n","protected":false},"author":8,"featured_media":0,"comment_status":"closed","ping_status":"closed","template":"","categories":[36],"tags":[],"class_list":["post-13751","event","type-event","status-publish","hentry","category-visit"],"_links":{"self":[{"href":"http:\/\/artsetculture.fr\/index.php\/wp-json\/wp\/v2\/event\/13751","targetHints":{"allow":["GET"]}}],"collection":[{"href":"http:\/\/artsetculture.fr\/index.php\/wp-json\/wp\/v2\/event"}],"about":[{"href":"http:\/\/artsetculture.fr\/index.php\/wp-json\/wp\/v2\/types\/event"}],"author":[{"embeddable":true,"href":"http:\/\/artsetculture.fr\/index.php\/wp-json\/wp\/v2\/users\/8"}],"replies":[{"embeddable":true,"href":"http:\/\/artsetculture.fr\/index.php\/wp-json\/wp\/v2\/comments?post=13751"}],"version-history":[{"count":4,"href":"http:\/\/artsetculture.fr\/index.php\/wp-json\/wp\/v2\/event\/13751\/revisions"}],"predecessor-version":[{"id":13759,"href":"http:\/\/artsetculture.fr\/index.php\/wp-json\/wp\/v2\/event\/13751\/revisions\/13759"}],"wp:attachment":[{"href":"http:\/\/artsetculture.fr\/index.php\/wp-json\/wp\/v2\/media?parent=13751"}],"wp:term":[{"taxonomy":"category","embeddable":true,"href":"http:\/\/artsetculture.fr\/index.php\/wp-json\/wp\/v2\/categories?post=13751"},{"taxonomy":"post_tag","embeddable":true,"href":"http:\/\/artsetculture.fr\/index.php\/wp-json\/wp\/v2\/tags?post=13751"}],"curies":[{"name":"wp","href":"https:\/\/api.w.org\/{rel}","templated":true}]}}

<p style="text-align: center;"><strong><span style="color: #ff0000;">MARDI 25 NOVEMBRE 2025 &#8211; DEPART : 8 h 30<br /></span></strong><strong><span style="color: #ff0000;">Deux visites-conférences : 10 h 30 &#8211; </span></strong><strong><span style="color: #ff0000;">14 h 00</span></strong></p>
<p><strong><span style="color: #ff0000;">Pour ceux qui nous rejoignent sur place : groupe </span></strong><strong><span style="color: #ff0000;">A : 10 h 15 &#8211;      groupe B : 13 h 45 &#8211; <em>Musée de la Franc-Maçonnerie 16 rue Cadet 75009 Paris – Entrée : 8 €</em></span></strong></p>
<p style="text-align: justify;">Créé en 1889, victime de spoliations sous l’occupation, réouvert en 1973, le musée a progressivement reconstitué ses collections. On peut y retrouver la richesse de l’architecture et de l’apparat des temples : mobilier, décors et objets rituels ayant appartenu aux loges et aux maçons. Une importante collection de sceaux, bijoux, médailles, peintures, objets personnels sont conservés ainsi que des faïences à décor maçonnique du XVIIIème siècle, de superbes « décors » brodés ou peints et de nombreux documents inédits.</p>

<p>MARDI 25 NOVEMBRE 2025 &#8211; DEPART : 8 h 30Deux visites-conférences : 10 h 30 &#8211; 14 h 00 Pour ceux qui nous rejoignent sur place : groupe A : 10 h 15 &#8211;      groupe B : 13 h 45 &#8211; Musée de la Franc-Maçonnerie 16 rue Cadet 75009 Paris – Entrée : 8 € &hellip; <a href="http://artsetculture.fr/index.php/event/brancusi-2-3-3-2-2/" class="more-link">Continuer la lecture de <span class="screen-reader-text">MUSEE DE LA FRANC-MACONNERIE</span>  <span class="meta-nav">&rarr;</span></a></p>
