{"id":12365,"date":"2022-08-10T20:59:43","date_gmt":"2022-08-10T19:59:43","guid":{"rendered":"http:\/\/artsetculture.fr\/?post_type=event&#038;p=12365"},"modified":"2022-08-10T20:59:43","modified_gmt":"2022-08-10T19:59:43","slug":"loeil-et-loreille-2-3","status":"publish","type":"event","link":"http:\/\/artsetculture.fr\/index.php\/event\/loeil-et-loreille-2-3\/","title":{"rendered":"L&rsquo;OEIL ET L&rsquo;OREILLE &#8211; 2"},"content":{"rendered":"<p style=\"text-align: justify;\">Si les peintures de Goya sont souvent empreintes d&rsquo;une certaine noirceur, il a n\u00e9anmoins r\u00e9alis\u00e9 des \u0153uvres beaucoup plus sereines, destin\u00e9es pour la plupart \u00e0 la d\u00e9coration de palais et \u00e0 des tapisseries. Il \u00e9voque avec des couleurs douces ou solaires des sc\u00e8nes galantes, ainsi que les loisirs de la soci\u00e9t\u00e9\u00a0aristocratique espagnole de la fin du XVIIIe si\u00e8cle.<\/p>\n<p style=\"text-align: justify;\"><img loading=\"lazy\" decoding=\"async\" class=\" wp-image-12364 alignright\" src=\"http:\/\/artsetculture.fr\/wp-content\/uploads\/2022\/07\/Goya-El-Pelele-002-172x300.jpg\" alt=\"Goya El Pelele (002)\" width=\"147\" height=\"256\" srcset=\"http:\/\/artsetculture.fr\/wp-content\/uploads\/2022\/07\/Goya-El-Pelele-002-172x300.jpg 172w, http:\/\/artsetculture.fr\/wp-content\/uploads\/2022\/07\/Goya-El-Pelele-002.jpg 520w\" sizes=\"auto, (max-width: 147px) 100vw, 147px\" \/>Fascin\u00e9 par l&rsquo;univers des tableaux de Goya et la psychologie du peintre, Granados compose au d\u00e9but du XXe si\u00e8cle son chef-d&rsquo;\u0153uvre, un cycle de six pi\u00e8ces pour piano intitul\u00e9 <em>Goyescas<\/em>. L&rsquo;originalit\u00e9\u00a0et la virtuosit\u00e9 de l&rsquo;\u00e9criture, le romantisme et la vari\u00e9t\u00e9 des climats \u00e9voqu\u00e9s ont s\u00e9duit le public et les interpr\u00e8tes depuis lors. Une septi\u00e8me pi\u00e8ce, <em>El Pelele<\/em>, la seule dont le titre fait r\u00e9f\u00e9rence \u00e0 un tableau pr\u00e9cis de Goya, est traditionnellement int\u00e9gr\u00e9e dans le cycle des <em>Goyescas<\/em>.<\/p>\n<p>&nbsp;<\/p>\n<h4 style=\"text-align: justify;\">\u00a0<\/h4>\n<p>&nbsp;<\/p>\n","protected":false},"excerpt":{"rendered":"<p>Si les peintures de Goya sont souvent empreintes d&rsquo;une certaine noirceur, il a n\u00e9anmoins r\u00e9alis\u00e9 des \u0153uvres beaucoup plus sereines, destin\u00e9es pour la plupart \u00e0 la d\u00e9coration de palais et \u00e0 des tapisseries. Il \u00e9voque avec des couleurs douces ou solaires des sc\u00e8nes galantes, ainsi que les loisirs de la soci\u00e9t\u00e9\u00a0aristocratique espagnole de la fin &hellip; <a href=\"http:\/\/artsetculture.fr\/index.php\/event\/loeil-et-loreille-2-3\/\" class=\"more-link\">Continuer la lecture de <span class=\"screen-reader-text\">L&rsquo;OEIL ET L&rsquo;OREILLE &#8211; 2<\/span>  <span class=\"meta-nav\">&rarr;<\/span><\/a><\/p>\n","protected":false},"author":8,"featured_media":0,"comment_status":"closed","ping_status":"closed","template":"","categories":[10],"tags":[77],"class_list":["post-12365","event","type-event","status-publish","hentry","category-conferences","tag-al"],"_links":{"self":[{"href":"http:\/\/artsetculture.fr\/index.php\/wp-json\/wp\/v2\/event\/12365","targetHints":{"allow":["GET"]}}],"collection":[{"href":"http:\/\/artsetculture.fr\/index.php\/wp-json\/wp\/v2\/event"}],"about":[{"href":"http:\/\/artsetculture.fr\/index.php\/wp-json\/wp\/v2\/types\/event"}],"author":[{"embeddable":true,"href":"http:\/\/artsetculture.fr\/index.php\/wp-json\/wp\/v2\/users\/8"}],"replies":[{"embeddable":true,"href":"http:\/\/artsetculture.fr\/index.php\/wp-json\/wp\/v2\/comments?post=12365"}],"version-history":[{"count":0,"href":"http:\/\/artsetculture.fr\/index.php\/wp-json\/wp\/v2\/event\/12365\/revisions"}],"wp:attachment":[{"href":"http:\/\/artsetculture.fr\/index.php\/wp-json\/wp\/v2\/media?parent=12365"}],"wp:term":[{"taxonomy":"category","embeddable":true,"href":"http:\/\/artsetculture.fr\/index.php\/wp-json\/wp\/v2\/categories?post=12365"},{"taxonomy":"post_tag","embeddable":true,"href":"http:\/\/artsetculture.fr\/index.php\/wp-json\/wp\/v2\/tags?post=12365"}],"curies":[{"name":"wp","href":"https:\/\/api.w.org\/{rel}","templated":true}]}}

<p style="text-align: justify;">Si les peintures de Goya sont souvent empreintes d&rsquo;une certaine noirceur, il a néanmoins réalisé des œuvres beaucoup plus sereines, destinées pour la plupart à la décoration de palais et à des tapisseries. Il évoque avec des couleurs douces ou solaires des scènes galantes, ainsi que les loisirs de la société aristocratique espagnole de la fin du XVIIIe siècle.</p>
<p style="text-align: justify;"><img loading="lazy" decoding="async" class=" wp-image-12364 alignright" src="http://artsetculture.fr/wp-content/uploads/2022/07/Goya-El-Pelele-002-172x300.jpg" alt="Goya El Pelele (002)" width="147" height="256" srcset="http://artsetculture.fr/wp-content/uploads/2022/07/Goya-El-Pelele-002-172x300.jpg 172w, http://artsetculture.fr/wp-content/uploads/2022/07/Goya-El-Pelele-002.jpg 520w" sizes="auto, (max-width: 147px) 100vw, 147px" />Fasciné par l&rsquo;univers des tableaux de Goya et la psychologie du peintre, Granados compose au début du XXe siècle son chef-d&rsquo;œuvre, un cycle de six pièces pour piano intitulé <em>Goyescas</em>. L&rsquo;originalité et la virtuosité de l&rsquo;écriture, le romantisme et la variété des climats évoqués ont séduit le public et les interprètes depuis lors. Une septième pièce, <em>El Pelele</em>, la seule dont le titre fait référence à un tableau précis de Goya, est traditionnellement intégrée dans le cycle des <em>Goyescas</em>.</p>
<p>&nbsp;</p>
<h4 style="text-align: justify;"> </h4>
<p>&nbsp;</p>

<p>Si les peintures de Goya sont souvent empreintes d&rsquo;une certaine noirceur, il a néanmoins réalisé des œuvres beaucoup plus sereines, destinées pour la plupart à la décoration de palais et à des tapisseries. Il évoque avec des couleurs douces ou solaires des scènes galantes, ainsi que les loisirs de la société aristocratique espagnole de la fin &hellip; <a href="http://artsetculture.fr/index.php/event/loeil-et-loreille-2-3/" class="more-link">Continuer la lecture de <span class="screen-reader-text">L&rsquo;OEIL ET L&rsquo;OREILLE &#8211; 2</span>  <span class="meta-nav">&rarr;</span></a></p>
