{"id":10834,"date":"2020-07-30T17:43:02","date_gmt":"2020-07-30T16:43:02","guid":{"rendered":"http:\/\/artsetculture.fr\/?post_type=event&#038;p=10834"},"modified":"2020-10-12T18:12:51","modified_gmt":"2020-10-12T17:12:51","slug":"vienne-art-nouveau-2","status":"publish","type":"event","link":"http:\/\/artsetculture.fr\/index.php\/event\/vienne-art-nouveau-2\/","title":{"rendered":"Vienne &#8211; Art nouveau 2"},"content":{"rendered":"<p style=\"text-align: justify;\">\u00a0<\/p>\n<p style=\"text-align: justify;\">Cr\u00e9\u00e9s en 1903 par Josef Hoffmann, un ancien \u00e9l\u00e8ve de Wagner, et Koloman Moser , les Ateliers Viennois (Wiener Werst\u00e4tte) vont , malgr\u00e9 leur br\u00e8ve existence, renouveler compl\u00e8tement les m\u00e9tiers d&rsquo;art et les arts d\u00e9coratifs. Des tissus, des bijoux, des meubles, l&rsquo;art de la table&#8230; aucun domaine ne leur est \u00e9tranger. Le sanatorium de Pukersdorf (Autriche) ou le Palais Stoclet \u00e0 Bruxelles sont un exemple d&rsquo;art total contr\u00f4l\u00e9 par les Ateliers Viennois dans les moindres d\u00e9tails<\/p>\n<h5 style=\"text-align: justify;\"><span style=\"color: #993300;\"><strong>Bibliographie Otto Wagner et Ateliers Viennois\u00a0 \u00a0\u00a0<span style=\"color: #ffffff;\">_______________________________________________________<\/span><\/strong><\/span><\/h5>\n<ul>\n<li style=\"text-align: justify;\">\n<p><em>Vienne 1880-1938. l&rsquo;Apocalypse joyeuse<\/em>\u00a0sous la direction de Jean Clair, catalogue de la mythique exposition de Beaubourg en 1986<\/p>\n<\/li>\n<li style=\"text-align: justify;\">\n<p>Catalogue de l\u2019exposition de la Cit\u00e9 de l\u2019architecture (2019)\u00a0:\u00a0<em>Otto Wagner. Ma\u00eetre de l&rsquo;Art nouveau viennois\u00a0<\/em><\/p>\n<\/li>\n<li style=\"text-align: justify;\">\n<p>Carl E. Schorske\u00a0<em>, De Vienne et d&rsquo;ailleurs. Figures culturelles de la modernit\u00e9\u00a0<\/em>, Fayard, 2000<\/p>\n<\/li>\n<li style=\"text-align: justify;\">\n<p>Josef Hoffmann und die Wiener Werkst\u00e4tte, ed Waleter Zednick\u00a0<\/p>\n<\/li>\n<li style=\"text-align: justify;\">\n<p>S\u00e9rie sur l\u2019architecture Arte\/film d\u2019ici \/Mus\u00e9e d\u2019Orsay 1998\u00a0\u00a0<\/p>\n<\/li>\n<li style=\"text-align: justify;\">\n<p>Caisse d\u2019\u00e9pargne, Otto Wagner<\/p>\n<\/li>\n<\/ul>\n","protected":false},"excerpt":{"rendered":"<p>\u00a0 Cr\u00e9\u00e9s en 1903 par Josef Hoffmann, un ancien \u00e9l\u00e8ve de Wagner, et Koloman Moser , les Ateliers Viennois (Wiener Werst\u00e4tte) vont , malgr\u00e9 leur br\u00e8ve existence, renouveler compl\u00e8tement les m\u00e9tiers d&rsquo;art et les arts d\u00e9coratifs. Des tissus, des bijoux, des meubles, l&rsquo;art de la table&#8230; aucun domaine ne leur est \u00e9tranger. Le sanatorium de &hellip; <a href=\"http:\/\/artsetculture.fr\/index.php\/event\/vienne-art-nouveau-2\/\" class=\"more-link\">Continuer la lecture de <span class=\"screen-reader-text\">Vienne &#8211; Art nouveau 2<\/span>  <span class=\"meta-nav\">&rarr;<\/span><\/a><\/p>\n","protected":false},"author":8,"featured_media":0,"comment_status":"closed","ping_status":"closed","template":"","categories":[10],"tags":[],"class_list":["post-10834","event","type-event","status-publish","hentry","category-conferences"],"_links":{"self":[{"href":"http:\/\/artsetculture.fr\/index.php\/wp-json\/wp\/v2\/event\/10834","targetHints":{"allow":["GET"]}}],"collection":[{"href":"http:\/\/artsetculture.fr\/index.php\/wp-json\/wp\/v2\/event"}],"about":[{"href":"http:\/\/artsetculture.fr\/index.php\/wp-json\/wp\/v2\/types\/event"}],"author":[{"embeddable":true,"href":"http:\/\/artsetculture.fr\/index.php\/wp-json\/wp\/v2\/users\/8"}],"replies":[{"embeddable":true,"href":"http:\/\/artsetculture.fr\/index.php\/wp-json\/wp\/v2\/comments?post=10834"}],"version-history":[{"count":0,"href":"http:\/\/artsetculture.fr\/index.php\/wp-json\/wp\/v2\/event\/10834\/revisions"}],"wp:attachment":[{"href":"http:\/\/artsetculture.fr\/index.php\/wp-json\/wp\/v2\/media?parent=10834"}],"wp:term":[{"taxonomy":"category","embeddable":true,"href":"http:\/\/artsetculture.fr\/index.php\/wp-json\/wp\/v2\/categories?post=10834"},{"taxonomy":"post_tag","embeddable":true,"href":"http:\/\/artsetculture.fr\/index.php\/wp-json\/wp\/v2\/tags?post=10834"}],"curies":[{"name":"wp","href":"https:\/\/api.w.org\/{rel}","templated":true}]}}

<p style="text-align: justify;"> </p>
<p style="text-align: justify;">Créés en 1903 par Josef Hoffmann, un ancien élève de Wagner, et Koloman Moser , les Ateliers Viennois (Wiener Werstätte) vont , malgré leur brève existence, renouveler complètement les métiers d&rsquo;art et les arts décoratifs. Des tissus, des bijoux, des meubles, l&rsquo;art de la table&#8230; aucun domaine ne leur est étranger. Le sanatorium de Pukersdorf (Autriche) ou le Palais Stoclet à Bruxelles sont un exemple d&rsquo;art total contrôlé par les Ateliers Viennois dans les moindres détails</p>
<h5 style="text-align: justify;"><span style="color: #993300;"><strong>Bibliographie Otto Wagner et Ateliers Viennois    <span style="color: #ffffff;">_______________________________________________________</span></strong></span></h5>
<ul>
<li style="text-align: justify;">
<p><em>Vienne 1880-1938. l&rsquo;Apocalypse joyeuse</em> sous la direction de Jean Clair, catalogue de la mythique exposition de Beaubourg en 1986</p>
</li>
<li style="text-align: justify;">
<p>Catalogue de l’exposition de la Cité de l’architecture (2019) : <em>Otto Wagner. Maître de l&rsquo;Art nouveau viennois </em></p>
</li>
<li style="text-align: justify;">
<p>Carl E. Schorske <em>, De Vienne et d&rsquo;ailleurs. Figures culturelles de la modernité </em>, Fayard, 2000</p>
</li>
<li style="text-align: justify;">
<p>Josef Hoffmann und die Wiener Werkstätte, ed Waleter Zednick </p>
</li>
<li style="text-align: justify;">
<p>Série sur l’architecture Arte/film d’ici /Musée d’Orsay 1998  </p>
</li>
<li style="text-align: justify;">
<p>Caisse d’épargne, Otto Wagner</p>
</li>
</ul>

<p>  Créés en 1903 par Josef Hoffmann, un ancien élève de Wagner, et Koloman Moser , les Ateliers Viennois (Wiener Werstätte) vont , malgré leur brève existence, renouveler complètement les métiers d&rsquo;art et les arts décoratifs. Des tissus, des bijoux, des meubles, l&rsquo;art de la table&#8230; aucun domaine ne leur est étranger. Le sanatorium de &hellip; <a href="http://artsetculture.fr/index.php/event/vienne-art-nouveau-2/" class="more-link">Continuer la lecture de <span class="screen-reader-text">Vienne &#8211; Art nouveau 2</span>  <span class="meta-nav">&rarr;</span></a></p>
